{"id":4053,"date":"2024-04-12T19:18:30","date_gmt":"2024-04-12T17:18:30","guid":{"rendered":"https:\/\/serbenidorm.daliisolutions.com\/index.php\/dm-podcast\/sandra-gomez-pspv-denuncia-el-incremento-de-pisos-turisticos-en-valencia-desde-que-gobierna-el-pp\/"},"modified":"2024-04-12T19:18:30","modified_gmt":"2024-04-12T17:18:30","slug":"sandra-gomez-pspv-denuncia-el-incremento-de-pisos-turisticos-en-valencia-desde-que-gobierna-el-pp","status":"publish","type":"dm-podcast","link":"https:\/\/serbenidorm.daliisolutions.com\/index.php\/dm-podcast\/sandra-gomez-pspv-denuncia-el-incremento-de-pisos-turisticos-en-valencia-desde-que-gobierna-el-pp\/","title":{"rendered":"Sandra G\u00f3mez (PSPV) denuncia el incremento de pisos tur\u00edsticos en Val\u00e8ncia desde que gobierna el PP"},"featured_media":0,"template":"","meta":{"_acf_changed":false},"dm-programa":[7],"class_list":["post-4053","dm-podcast","type-dm-podcast","status-publish","hentry","dm-programa-podcast-radio-valencia-hora-14-comunitat-valenciana-2298"],"acf":{"url":"https:\/\/sdmedia.playser.cadenaser.com\/playser\/multimedia\/20244\/12\/1712930507807_1712930517_audio_128.mp3"},"_links":{"self":[{"href":"https:\/\/serbenidorm.daliisolutions.com\/index.php\/wp-json\/wp\/v2\/dm-podcast\/4053","targetHints":{"allow":["GET"]}}],"collection":[{"href":"https:\/\/serbenidorm.daliisolutions.com\/index.php\/wp-json\/wp\/v2\/dm-podcast"}],"about":[{"href":"https:\/\/serbenidorm.daliisolutions.com\/index.php\/wp-json\/wp\/v2\/types\/dm-podcast"}],"wp:attachment":[{"href":"https:\/\/serbenidorm.daliisolutions.com\/index.php\/wp-json\/wp\/v2\/media?parent=4053"}],"wp:term":[{"taxonomy":"dm-programa","embeddable":true,"href":"https:\/\/serbenidorm.daliisolutions.com\/index.php\/wp-json\/wp\/v2\/dm-programa?post=4053"}],"curies":[{"name":"wp","href":"https:\/\/api.w.org\/{rel}","templated":true}]}}

Sandra Gómez (PSPV) denuncia el incremento de pisos turísticos en València desde que gobierna el PP
