{"id":4054,"date":"2024-04-12T19:18:31","date_gmt":"2024-04-12T17:18:31","guid":{"rendered":"https:\/\/serbenidorm.daliisolutions.com\/index.php\/dm-podcast\/maria-jose-catala-cree-que-la-ley-de-vivienda-es-la-que-esta-provocando-este-incremento-desbocado-de-los-precios-del-alquiler\/"},"modified":"2024-04-12T19:18:31","modified_gmt":"2024-04-12T17:18:31","slug":"maria-jose-catala-cree-que-la-ley-de-vivienda-es-la-que-esta-provocando-este-incremento-desbocado-de-los-precios-del-alquiler","status":"publish","type":"dm-podcast","link":"https:\/\/serbenidorm.daliisolutions.com\/index.php\/dm-podcast\/maria-jose-catala-cree-que-la-ley-de-vivienda-es-la-que-esta-provocando-este-incremento-desbocado-de-los-precios-del-alquiler\/","title":{"rendered":"Mar\u00eda Jos\u00e9 Catal\u00e1 cree que la ley de vivienda es la que est\u00e1 provocando este incremento desbocado de los precios del alquiler"},"featured_media":0,"template":"","meta":{"_acf_changed":false},"dm-programa":[7],"class_list":["post-4054","dm-podcast","type-dm-podcast","status-publish","hentry","dm-programa-podcast-radio-valencia-hora-14-comunitat-valenciana-2298"],"acf":{"url":"https:\/\/sdmedia.playser.cadenaser.com\/playser\/multimedia\/20244\/12\/1712930609011_1712930624_audio_128.mp3"},"_links":{"self":[{"href":"https:\/\/serbenidorm.daliisolutions.com\/index.php\/wp-json\/wp\/v2\/dm-podcast\/4054","targetHints":{"allow":["GET"]}}],"collection":[{"href":"https:\/\/serbenidorm.daliisolutions.com\/index.php\/wp-json\/wp\/v2\/dm-podcast"}],"about":[{"href":"https:\/\/serbenidorm.daliisolutions.com\/index.php\/wp-json\/wp\/v2\/types\/dm-podcast"}],"wp:attachment":[{"href":"https:\/\/serbenidorm.daliisolutions.com\/index.php\/wp-json\/wp\/v2\/media?parent=4054"}],"wp:term":[{"taxonomy":"dm-programa","embeddable":true,"href":"https:\/\/serbenidorm.daliisolutions.com\/index.php\/wp-json\/wp\/v2\/dm-programa?post=4054"}],"curies":[{"name":"wp","href":"https:\/\/api.w.org\/{rel}","templated":true}]}}

María José Catalá cree que la ley de vivienda es la que está provocando este incremento desbocado de los precios del alquiler
