{"id":4067,"date":"2024-04-13T13:43:43","date_gmt":"2024-04-13T11:43:43","guid":{"rendered":"https:\/\/serbenidorm.daliisolutions.com\/index.php\/dm-podcast\/maria-navarro-asociacion-de-familiares-de-victimas-de-la-fosa-126-de-paterna-sobre-la-entrega-de-los-restos-de-20-represaliados-por-el-franquismo-a-sus-familias-84-anos-despues\/"},"modified":"2024-04-13T13:43:43","modified_gmt":"2024-04-13T11:43:43","slug":"maria-navarro-asociacion-de-familiares-de-victimas-de-la-fosa-126-de-paterna-sobre-la-entrega-de-los-restos-de-20-represaliados-por-el-franquismo-a-sus-familias-84-anos-despues","status":"publish","type":"dm-podcast","link":"https:\/\/serbenidorm.daliisolutions.com\/index.php\/dm-podcast\/maria-navarro-asociacion-de-familiares-de-victimas-de-la-fosa-126-de-paterna-sobre-la-entrega-de-los-restos-de-20-represaliados-por-el-franquismo-a-sus-familias-84-anos-despues\/","title":{"rendered":"Mar\u00eda Navarro (Asociaci\u00f3n de Familiares de V\u00edctimas de la Fosa 126 de Paterna) sobre la entrega de los restos de 20 represaliados por el franquismo a sus familias 84 a\u00f1os despu\u00e9s"},"featured_media":0,"template":"","meta":{"_acf_changed":false},"dm-programa":[7],"class_list":["post-4067","dm-podcast","type-dm-podcast","status-publish","hentry","dm-programa-podcast-radio-valencia-hora-14-comunitat-valenciana-2298"],"acf":{"url":"https:\/\/sdmedia.playser.cadenaser.com\/playser\/multimedia\/20244\/13\/1712998531241_1712998549_audio_128.mp3"},"_links":{"self":[{"href":"https:\/\/serbenidorm.daliisolutions.com\/index.php\/wp-json\/wp\/v2\/dm-podcast\/4067","targetHints":{"allow":["GET"]}}],"collection":[{"href":"https:\/\/serbenidorm.daliisolutions.com\/index.php\/wp-json\/wp\/v2\/dm-podcast"}],"about":[{"href":"https:\/\/serbenidorm.daliisolutions.com\/index.php\/wp-json\/wp\/v2\/types\/dm-podcast"}],"wp:attachment":[{"href":"https:\/\/serbenidorm.daliisolutions.com\/index.php\/wp-json\/wp\/v2\/media?parent=4067"}],"wp:term":[{"taxonomy":"dm-programa","embeddable":true,"href":"https:\/\/serbenidorm.daliisolutions.com\/index.php\/wp-json\/wp\/v2\/dm-programa?post=4067"}],"curies":[{"name":"wp","href":"https:\/\/api.w.org\/{rel}","templated":true}]}}

María Navarro (Asociación de Familiares de Víctimas de la Fosa 126 de Paterna) sobre la entrega de los restos de 20 represaliados por el franquismo a sus familias 84 años después
