{"id":4070,"date":"2024-04-13T14:38:46","date_gmt":"2024-04-13T12:38:46","guid":{"rendered":"https:\/\/serbenidorm.daliisolutions.com\/index.php\/dm-podcast\/angel-gonzalez-coordinadora-de-asociaciones-por-la-memoria-democratica-del-pais-valenciano-los-memoriales-son-esenciales-para-no-olvidar-a-las-victimas-de-la-represion-de-la-dictadura-franquista\/"},"modified":"2024-04-13T14:38:46","modified_gmt":"2024-04-13T12:38:46","slug":"angel-gonzalez-coordinadora-de-asociaciones-por-la-memoria-democratica-del-pais-valenciano-los-memoriales-son-esenciales-para-no-olvidar-a-las-victimas-de-la-represion-de-la-dictadura-franquista","status":"publish","type":"dm-podcast","link":"https:\/\/serbenidorm.daliisolutions.com\/index.php\/dm-podcast\/angel-gonzalez-coordinadora-de-asociaciones-por-la-memoria-democratica-del-pais-valenciano-los-memoriales-son-esenciales-para-no-olvidar-a-las-victimas-de-la-represion-de-la-dictadura-franquista\/","title":{"rendered":"\u00c1ngel Gonz\u00e1lez (Coordinadora de Asociaciones por la Memoria Democr\u00e1tica del Pa\u00eds Valenciano): \u00abLos memoriales son esenciales para no olvidar a las v\u00edctimas de la represi\u00f3n de la dictadura franquista\u00bb"},"featured_media":0,"template":"","meta":{"_acf_changed":false},"dm-programa":[7],"class_list":["post-4070","dm-podcast","type-dm-podcast","status-publish","hentry","dm-programa-podcast-radio-valencia-hora-14-comunitat-valenciana-2298"],"acf":{"url":"https:\/\/sdmedia.playser.cadenaser.com\/playser\/multimedia\/20244\/13\/1712998693237_1712998695_audio_128.mp3"},"_links":{"self":[{"href":"https:\/\/serbenidorm.daliisolutions.com\/index.php\/wp-json\/wp\/v2\/dm-podcast\/4070","targetHints":{"allow":["GET"]}}],"collection":[{"href":"https:\/\/serbenidorm.daliisolutions.com\/index.php\/wp-json\/wp\/v2\/dm-podcast"}],"about":[{"href":"https:\/\/serbenidorm.daliisolutions.com\/index.php\/wp-json\/wp\/v2\/types\/dm-podcast"}],"wp:attachment":[{"href":"https:\/\/serbenidorm.daliisolutions.com\/index.php\/wp-json\/wp\/v2\/media?parent=4070"}],"wp:term":[{"taxonomy":"dm-programa","embeddable":true,"href":"https:\/\/serbenidorm.daliisolutions.com\/index.php\/wp-json\/wp\/v2\/dm-programa?post=4070"}],"curies":[{"name":"wp","href":"https:\/\/api.w.org\/{rel}","templated":true}]}}

Ángel González (Coordinadora de Asociaciones por la Memoria Democrática del País Valenciano): «Los memoriales son esenciales para no olvidar a las víctimas de la represión de la dictadura franquista»
