{"id":4073,"date":"2024-04-13T14:38:46","date_gmt":"2024-04-13T12:38:46","guid":{"rendered":"https:\/\/serbenidorm.daliisolutions.com\/index.php\/dm-podcast\/vicent-marza-anuncia-que-se-presentara-a-las-primaras-de-compromis-para-ser-candidato-a-las-elecciones-europeas\/"},"modified":"2024-04-13T14:38:46","modified_gmt":"2024-04-13T12:38:46","slug":"vicent-marza-anuncia-que-se-presentara-a-las-primaras-de-compromis-para-ser-candidato-a-las-elecciones-europeas","status":"publish","type":"dm-podcast","link":"https:\/\/serbenidorm.daliisolutions.com\/index.php\/dm-podcast\/vicent-marza-anuncia-que-se-presentara-a-las-primaras-de-compromis-para-ser-candidato-a-las-elecciones-europeas\/","title":{"rendered":"Vicent Marz\u00e0 anuncia que se presentar\u00e1 a las primaras de Comprom\u00eds para ser candidato a las Elecciones Europeas"},"featured_media":0,"template":"","meta":{"_acf_changed":false},"dm-programa":[7],"class_list":["post-4073","dm-podcast","type-dm-podcast","status-publish","hentry","dm-programa-podcast-radio-valencia-hora-14-comunitat-valenciana-2298"],"acf":{"url":"https:\/\/sdmedia.playser.cadenaser.com\/playser\/multimedia\/20244\/13\/1713008096461_1713008094_audio_128.mp3"},"_links":{"self":[{"href":"https:\/\/serbenidorm.daliisolutions.com\/index.php\/wp-json\/wp\/v2\/dm-podcast\/4073","targetHints":{"allow":["GET"]}}],"collection":[{"href":"https:\/\/serbenidorm.daliisolutions.com\/index.php\/wp-json\/wp\/v2\/dm-podcast"}],"about":[{"href":"https:\/\/serbenidorm.daliisolutions.com\/index.php\/wp-json\/wp\/v2\/types\/dm-podcast"}],"wp:attachment":[{"href":"https:\/\/serbenidorm.daliisolutions.com\/index.php\/wp-json\/wp\/v2\/media?parent=4073"}],"wp:term":[{"taxonomy":"dm-programa","embeddable":true,"href":"https:\/\/serbenidorm.daliisolutions.com\/index.php\/wp-json\/wp\/v2\/dm-programa?post=4073"}],"curies":[{"name":"wp","href":"https:\/\/api.w.org\/{rel}","templated":true}]}}

Vicent Marzà anuncia que se presentará a las primaras de Compromís para ser candidato a las Elecciones Europeas
