{"id":4077,"date":"2024-04-14T07:01:23","date_gmt":"2024-04-14T05:01:23","guid":{"rendered":"https:\/\/serbenidorm.daliisolutions.com\/index.php\/dm-podcast\/alberto-ibanez-iniciativa-cal-fer-una-forta-reflexio-per-a-que-les-primaries-representen-millor-el-que-es-compromis\/"},"modified":"2024-04-14T07:01:23","modified_gmt":"2024-04-14T05:01:23","slug":"alberto-ibanez-iniciativa-cal-fer-una-forta-reflexio-per-a-que-les-primaries-representen-millor-el-que-es-compromis","status":"publish","type":"dm-podcast","link":"https:\/\/serbenidorm.daliisolutions.com\/index.php\/dm-podcast\/alberto-ibanez-iniciativa-cal-fer-una-forta-reflexio-per-a-que-les-primaries-representen-millor-el-que-es-compromis\/","title":{"rendered":"Alberto Ib\u00e1\u00f1ez (Iniciativa): \u00abCal fer una forta reflexi\u00f3 per a que les prim\u00e0ries representen millor el que \u00e9s Comprom\u00eds\u00bb"},"featured_media":0,"template":"","meta":{"_acf_changed":false},"dm-programa":[7],"class_list":["post-4077","dm-podcast","type-dm-podcast","status-publish","hentry","dm-programa-podcast-radio-valencia-hora-14-comunitat-valenciana-2298"],"acf":{"url":"https:\/\/sdmedia.playser.cadenaser.com\/playser\/multimedia\/20244\/13\/1713012633129_1713012651_audio_128.mp3"},"_links":{"self":[{"href":"https:\/\/serbenidorm.daliisolutions.com\/index.php\/wp-json\/wp\/v2\/dm-podcast\/4077","targetHints":{"allow":["GET"]}}],"collection":[{"href":"https:\/\/serbenidorm.daliisolutions.com\/index.php\/wp-json\/wp\/v2\/dm-podcast"}],"about":[{"href":"https:\/\/serbenidorm.daliisolutions.com\/index.php\/wp-json\/wp\/v2\/types\/dm-podcast"}],"wp:attachment":[{"href":"https:\/\/serbenidorm.daliisolutions.com\/index.php\/wp-json\/wp\/v2\/media?parent=4077"}],"wp:term":[{"taxonomy":"dm-programa","embeddable":true,"href":"https:\/\/serbenidorm.daliisolutions.com\/index.php\/wp-json\/wp\/v2\/dm-programa?post=4077"}],"curies":[{"name":"wp","href":"https:\/\/api.w.org\/{rel}","templated":true}]}}

Alberto Ibáñez (Iniciativa): «Cal fer una forta reflexió per a que les primàries representen millor el que és Compromís»
