{"id":4079,"date":"2024-04-14T13:06:41","date_gmt":"2024-04-14T11:06:41","guid":{"rendered":"https:\/\/serbenidorm.daliisolutions.com\/index.php\/dm-podcast\/alan-clemente-jefe-de-extincion-del-pma-en-el-incendio-de-xabia-detalla-los-desalojos\/"},"modified":"2024-04-14T13:06:41","modified_gmt":"2024-04-14T11:06:41","slug":"alan-clemente-jefe-de-extincion-del-pma-en-el-incendio-de-xabia-detalla-los-desalojos","status":"publish","type":"dm-podcast","link":"https:\/\/serbenidorm.daliisolutions.com\/index.php\/dm-podcast\/alan-clemente-jefe-de-extincion-del-pma-en-el-incendio-de-xabia-detalla-los-desalojos\/","title":{"rendered":"Al\u00e1n Clemente, jefe de extinci\u00f3n del PMA en el incendio de X\u00e0bia, detalla los desalojos."},"featured_media":0,"template":"","meta":{"_acf_changed":false},"dm-programa":[7],"class_list":["post-4079","dm-podcast","type-dm-podcast","status-publish","hentry","dm-programa-podcast-radio-valencia-hora-14-comunitat-valenciana-2298"],"acf":{"url":"https:\/\/sdmedia.playser.cadenaser.com\/playser\/multimedia\/20244\/13\/1713030441229_1713030466_audio_128.mp3"},"_links":{"self":[{"href":"https:\/\/serbenidorm.daliisolutions.com\/index.php\/wp-json\/wp\/v2\/dm-podcast\/4079","targetHints":{"allow":["GET"]}}],"collection":[{"href":"https:\/\/serbenidorm.daliisolutions.com\/index.php\/wp-json\/wp\/v2\/dm-podcast"}],"about":[{"href":"https:\/\/serbenidorm.daliisolutions.com\/index.php\/wp-json\/wp\/v2\/types\/dm-podcast"}],"wp:attachment":[{"href":"https:\/\/serbenidorm.daliisolutions.com\/index.php\/wp-json\/wp\/v2\/media?parent=4079"}],"wp:term":[{"taxonomy":"dm-programa","embeddable":true,"href":"https:\/\/serbenidorm.daliisolutions.com\/index.php\/wp-json\/wp\/v2\/dm-programa?post=4079"}],"curies":[{"name":"wp","href":"https:\/\/api.w.org\/{rel}","templated":true}]}}

Alán Clemente, jefe de extinción del PMA en el incendio de Xàbia, detalla los desalojos.
