{"id":4080,"date":"2024-04-14T14:48:26","date_gmt":"2024-04-14T12:48:26","guid":{"rendered":"https:\/\/serbenidorm.daliisolutions.com\/index.php\/dm-podcast\/maria-jose-ferrer-san-segundo-concejala-de-participacion-de-valencia-valora-positivamente-el-incremento-de-atencion-en-las-oficinas-del-padron-de-valencia\/"},"modified":"2024-04-14T14:48:26","modified_gmt":"2024-04-14T12:48:26","slug":"maria-jose-ferrer-san-segundo-concejala-de-participacion-de-valencia-valora-positivamente-el-incremento-de-atencion-en-las-oficinas-del-padron-de-valencia","status":"publish","type":"dm-podcast","link":"https:\/\/serbenidorm.daliisolutions.com\/index.php\/dm-podcast\/maria-jose-ferrer-san-segundo-concejala-de-participacion-de-valencia-valora-positivamente-el-incremento-de-atencion-en-las-oficinas-del-padron-de-valencia\/","title":{"rendered":"Mar\u00eda Jos\u00e9 Ferrer San Segundo (concejala de Participaci\u00f3n de Val\u00e8ncia) valora positivamente el incremento de atenci\u00f3n en las oficinas del padr\u00f3n de Val\u00e8ncia"},"featured_media":0,"template":"","meta":{"_acf_changed":false},"dm-programa":[7],"class_list":["post-4080","dm-podcast","type-dm-podcast","status-publish","hentry","dm-programa-podcast-radio-valencia-hora-14-comunitat-valenciana-2298"],"acf":{"url":"https:\/\/sdmedia.playser.cadenaser.com\/playser\/multimedia\/20244\/14\/1713084749911_1713084747_audio_128.mp3"},"_links":{"self":[{"href":"https:\/\/serbenidorm.daliisolutions.com\/index.php\/wp-json\/wp\/v2\/dm-podcast\/4080","targetHints":{"allow":["GET"]}}],"collection":[{"href":"https:\/\/serbenidorm.daliisolutions.com\/index.php\/wp-json\/wp\/v2\/dm-podcast"}],"about":[{"href":"https:\/\/serbenidorm.daliisolutions.com\/index.php\/wp-json\/wp\/v2\/types\/dm-podcast"}],"wp:attachment":[{"href":"https:\/\/serbenidorm.daliisolutions.com\/index.php\/wp-json\/wp\/v2\/media?parent=4080"}],"wp:term":[{"taxonomy":"dm-programa","embeddable":true,"href":"https:\/\/serbenidorm.daliisolutions.com\/index.php\/wp-json\/wp\/v2\/dm-programa?post=4080"}],"curies":[{"name":"wp","href":"https:\/\/api.w.org\/{rel}","templated":true}]}}

María José Ferrer San Segundo (concejala de Participación de València) valora positivamente el incremento de atención en las oficinas del padrón de València
