{"id":4082,"date":"2024-04-14T14:48:26","date_gmt":"2024-04-14T12:48:26","guid":{"rendered":""},"modified":"2024-04-14T14:48:26","modified_gmt":"2024-04-14T12:48:26","slug":"miguel-barrachina-sindic-del-pp-en-les-corts-el-presidente-del-gobierno-esta-mas-preocupado-por-asuntos-que-enfrentan-a-los-espanoles-y-por-contentar-a-sus-socios-separatistas-que-por-gestionar-y","status":"publish","type":"dm-podcast","link":"https:\/\/serbenidorm.daliisolutions.com\/index.php\/dm-podcast\/miguel-barrachina-sindic-del-pp-en-les-corts-el-presidente-del-gobierno-esta-mas-preocupado-por-asuntos-que-enfrentan-a-los-espanoles-y-por-contentar-a-sus-socios-separatistas-que-por-gestionar-y\/","title":{"rendered":"Miguel Barrachina (s\u00edndic del PP en Les Corts): \u00abEl presidente del Gobierno est\u00e1 m\u00e1s preocupado por asuntos que enfrentan a los espa\u00f1oles y por contentar a sus socios separatistas que por gestionar y gobernar para todos\u00bb"},"featured_media":0,"template":"","meta":{"_acf_changed":false},"dm-programa":[7],"class_list":["post-4082","dm-podcast","type-dm-podcast","status-publish","hentry","dm-programa-podcast-radio-valencia-hora-14-comunitat-valenciana-2298"],"acf":{"url":"https:\/\/sdmedia.playser.cadenaser.com\/playser\/multimedia\/20244\/14\/1713088957031_1713088949_audio_128.mp3"},"_links":{"self":[{"href":"https:\/\/serbenidorm.daliisolutions.com\/index.php\/wp-json\/wp\/v2\/dm-podcast\/4082","targetHints":{"allow":["GET"]}}],"collection":[{"href":"https:\/\/serbenidorm.daliisolutions.com\/index.php\/wp-json\/wp\/v2\/dm-podcast"}],"about":[{"href":"https:\/\/serbenidorm.daliisolutions.com\/index.php\/wp-json\/wp\/v2\/types\/dm-podcast"}],"wp:attachment":[{"href":"https:\/\/serbenidorm.daliisolutions.com\/index.php\/wp-json\/wp\/v2\/media?parent=4082"}],"wp:term":[{"taxonomy":"dm-programa","embeddable":true,"href":"https:\/\/serbenidorm.daliisolutions.com\/index.php\/wp-json\/wp\/v2\/dm-programa?post=4082"}],"curies":[{"name":"wp","href":"https:\/\/api.w.org\/{rel}","templated":true}]}}

Miguel Barrachina (síndic del PP en Les Corts): «El presidente del Gobierno está más preocupado por asuntos que enfrentan a los españoles y por contentar a sus socios separatistas que por gestionar y gobernar para todos»
