{"id":4083,"date":"2024-04-14T14:48:26","date_gmt":"2024-04-14T12:48:26","guid":{"rendered":""},"modified":"2024-04-14T14:48:26","modified_gmt":"2024-04-14T12:48:26","slug":"isabel-barrajon-responsable-de-politica-social-en-ccoo-pv-explica-que-los-sectores-valencianos-donde-mas-personas-migrantes-sin-papeles-puede-haber-trabajando-son-el-turismo-la-agricultura-y-los-cu","status":"publish","type":"dm-podcast","link":"https:\/\/serbenidorm.daliisolutions.com\/index.php\/dm-podcast\/isabel-barrajon-responsable-de-politica-social-en-ccoo-pv-explica-que-los-sectores-valencianos-donde-mas-personas-migrantes-sin-papeles-puede-haber-trabajando-son-el-turismo-la-agricultura-y-los-cu\/","title":{"rendered":"Isabel Barraj\u00f3n (responsable de pol\u00edtica social en CCOO-PV) explica que los sectores valencianos donde m\u00e1s personas migrantes sin papeles puede haber trabajando son el turismo, la agricultura y los cuidados"},"featured_media":0,"template":"","meta":{"_acf_changed":false},"dm-programa":[7],"class_list":["post-4083","dm-podcast","type-dm-podcast","status-publish","hentry","dm-programa-podcast-radio-valencia-hora-14-comunitat-valenciana-2298"],"acf":{"url":"https:\/\/sdmedia.playser.cadenaser.com\/playser\/multimedia\/20244\/14\/1713089828174_1713089825_audio_128.mp3"},"_links":{"self":[{"href":"https:\/\/serbenidorm.daliisolutions.com\/index.php\/wp-json\/wp\/v2\/dm-podcast\/4083","targetHints":{"allow":["GET"]}}],"collection":[{"href":"https:\/\/serbenidorm.daliisolutions.com\/index.php\/wp-json\/wp\/v2\/dm-podcast"}],"about":[{"href":"https:\/\/serbenidorm.daliisolutions.com\/index.php\/wp-json\/wp\/v2\/types\/dm-podcast"}],"wp:attachment":[{"href":"https:\/\/serbenidorm.daliisolutions.com\/index.php\/wp-json\/wp\/v2\/media?parent=4083"}],"wp:term":[{"taxonomy":"dm-programa","embeddable":true,"href":"https:\/\/serbenidorm.daliisolutions.com\/index.php\/wp-json\/wp\/v2\/dm-programa?post=4083"}],"curies":[{"name":"wp","href":"https:\/\/api.w.org\/{rel}","templated":true}]}}

Isabel Barrajón (responsable de política social en CCOO-PV) explica que los sectores valencianos donde más personas migrantes sin papeles puede haber trabajando son el turismo, la agricultura y los cuidados
