{"id":4084,"date":"2024-04-14T14:48:26","date_gmt":"2024-04-14T12:48:26","guid":{"rendered":""},"modified":"2024-04-14T14:48:26","modified_gmt":"2024-04-14T12:48:26","slug":"isabel-barrajon-responsable-de-politica-social-en-ccoo-pv-cree-que-es-una-buena-noticia-que-se-tramite-esta-regularizacion-que-se-inicio-con-el-apoyo-de-todos-los-grupos-parlamentarios-a-excepcion","status":"publish","type":"dm-podcast","link":"https:\/\/serbenidorm.daliisolutions.com\/index.php\/dm-podcast\/isabel-barrajon-responsable-de-politica-social-en-ccoo-pv-cree-que-es-una-buena-noticia-que-se-tramite-esta-regularizacion-que-se-inicio-con-el-apoyo-de-todos-los-grupos-parlamentarios-a-excepcion\/","title":{"rendered":"Isabel Barraj\u00f3n (responsable de pol\u00edtica social en CCOO-PV) cree que es una buena noticia que se tramite esta regularizaci\u00f3n, que se inici\u00f3 con el apoyo de todos los grupos parlamentarios a excepci\u00f3n de Vox, pero pide medidas a m\u00e1s largo plazo"},"featured_media":0,"template":"","meta":{"_acf_changed":false},"dm-programa":[7],"class_list":["post-4084","dm-podcast","type-dm-podcast","status-publish","hentry","dm-programa-podcast-radio-valencia-hora-14-comunitat-valenciana-2298"],"acf":{"url":"https:\/\/sdmedia.playser.cadenaser.com\/playser\/multimedia\/20244\/14\/1713089862076_1713089856_audio_128.mp3"},"_links":{"self":[{"href":"https:\/\/serbenidorm.daliisolutions.com\/index.php\/wp-json\/wp\/v2\/dm-podcast\/4084","targetHints":{"allow":["GET"]}}],"collection":[{"href":"https:\/\/serbenidorm.daliisolutions.com\/index.php\/wp-json\/wp\/v2\/dm-podcast"}],"about":[{"href":"https:\/\/serbenidorm.daliisolutions.com\/index.php\/wp-json\/wp\/v2\/types\/dm-podcast"}],"wp:attachment":[{"href":"https:\/\/serbenidorm.daliisolutions.com\/index.php\/wp-json\/wp\/v2\/media?parent=4084"}],"wp:term":[{"taxonomy":"dm-programa","embeddable":true,"href":"https:\/\/serbenidorm.daliisolutions.com\/index.php\/wp-json\/wp\/v2\/dm-programa?post=4084"}],"curies":[{"name":"wp","href":"https:\/\/api.w.org\/{rel}","templated":true}]}}

Isabel Barrajón (responsable de política social en CCOO-PV) cree que es una buena noticia que se tramite esta regularización, que se inició con el apoyo de todos los grupos parlamentarios a excepción de Vox, pero pide medidas a más largo plazo
