{"id":409,"date":"2023-12-06T17:33:58","date_gmt":"2023-12-06T16:33:58","guid":{"rendered":"https:\/\/serbenidorm.daliisolutions.com\/index.php\/dm-podcast\/jesus-carbonell-emt-valencia-la-reordenacion-de-las-lineas-del-centro-aumentara-el-numero-de-viajeros\/"},"modified":"2023-12-06T17:33:58","modified_gmt":"2023-12-06T16:33:58","slug":"jesus-carbonell-emt-valencia-la-reordenacion-de-las-lineas-del-centro-aumentara-el-numero-de-viajeros","status":"publish","type":"dm-podcast","link":"https:\/\/serbenidorm.daliisolutions.com\/index.php\/dm-podcast\/jesus-carbonell-emt-valencia-la-reordenacion-de-las-lineas-del-centro-aumentara-el-numero-de-viajeros\/","title":{"rendered":"Jes\u00fas Carbonell (EMT Val\u00e8ncia): \u00abLa reordenaci\u00f3n de las l\u00edneas del centro aumentar\u00e1 el n\u00famero de viajeros\u00bb"},"featured_media":0,"template":"","meta":{"_acf_changed":false},"dm-programa":[7],"class_list":["post-409","dm-podcast","type-dm-podcast","status-publish","hentry","dm-programa-podcast-radio-valencia-hora-14-comunitat-valenciana-2298"],"acf":{"url":"https:\/\/sdmedia.playser.cadenaser.com\/playser\/multimedia\/202312\/6\/1701863812161_1701863829_audio_128.mp3"},"_links":{"self":[{"href":"https:\/\/serbenidorm.daliisolutions.com\/index.php\/wp-json\/wp\/v2\/dm-podcast\/409","targetHints":{"allow":["GET"]}}],"collection":[{"href":"https:\/\/serbenidorm.daliisolutions.com\/index.php\/wp-json\/wp\/v2\/dm-podcast"}],"about":[{"href":"https:\/\/serbenidorm.daliisolutions.com\/index.php\/wp-json\/wp\/v2\/types\/dm-podcast"}],"wp:attachment":[{"href":"https:\/\/serbenidorm.daliisolutions.com\/index.php\/wp-json\/wp\/v2\/media?parent=409"}],"wp:term":[{"taxonomy":"dm-programa","embeddable":true,"href":"https:\/\/serbenidorm.daliisolutions.com\/index.php\/wp-json\/wp\/v2\/dm-programa?post=409"}],"curies":[{"name":"wp","href":"https:\/\/api.w.org\/{rel}","templated":true}]}}

Jesús Carbonell (EMT València): «La reordenación de las líneas del centro aumentará el número de viajeros»
