{"id":411,"date":"2023-12-06T17:33:58","date_gmt":"2023-12-06T16:33:58","guid":{"rendered":"https:\/\/serbenidorm.daliisolutions.com\/index.php\/dm-podcast\/jose-juan-zaplana-ppcv-a-punt-supone-una-apuesta-clara-para-dejar-de-ser-la-ultima-de-las-televisiones-autonomicas\/"},"modified":"2023-12-06T17:33:58","modified_gmt":"2023-12-06T16:33:58","slug":"jose-juan-zaplana-ppcv-a-punt-supone-una-apuesta-clara-para-dejar-de-ser-la-ultima-de-las-televisiones-autonomicas","status":"publish","type":"dm-podcast","link":"https:\/\/serbenidorm.daliisolutions.com\/index.php\/dm-podcast\/jose-juan-zaplana-ppcv-a-punt-supone-una-apuesta-clara-para-dejar-de-ser-la-ultima-de-las-televisiones-autonomicas\/","title":{"rendered":"Jos\u00e9 Juan Zaplana (PPCV): \u00ab\u00c0 Punt supone una apuesta clara para dejar de ser la \u00faltima de las televisiones auton\u00f3micas\u00bb"},"featured_media":0,"template":"","meta":{"_acf_changed":false},"dm-programa":[7],"class_list":["post-411","dm-podcast","type-dm-podcast","status-publish","hentry","dm-programa-podcast-radio-valencia-hora-14-comunitat-valenciana-2298"],"acf":{"url":"https:\/\/sdmedia.playser.cadenaser.com\/playser\/multimedia\/202312\/6\/1701862361499_1701862446_audio_128.mp3"},"_links":{"self":[{"href":"https:\/\/serbenidorm.daliisolutions.com\/index.php\/wp-json\/wp\/v2\/dm-podcast\/411","targetHints":{"allow":["GET"]}}],"collection":[{"href":"https:\/\/serbenidorm.daliisolutions.com\/index.php\/wp-json\/wp\/v2\/dm-podcast"}],"about":[{"href":"https:\/\/serbenidorm.daliisolutions.com\/index.php\/wp-json\/wp\/v2\/types\/dm-podcast"}],"wp:attachment":[{"href":"https:\/\/serbenidorm.daliisolutions.com\/index.php\/wp-json\/wp\/v2\/media?parent=411"}],"wp:term":[{"taxonomy":"dm-programa","embeddable":true,"href":"https:\/\/serbenidorm.daliisolutions.com\/index.php\/wp-json\/wp\/v2\/dm-programa?post=411"}],"curies":[{"name":"wp","href":"https:\/\/api.w.org\/{rel}","templated":true}]}}

José Juan Zaplana (PPCV): «À Punt supone una apuesta clara para dejar de ser la última de las televisiones autonómicas»
