{"id":412,"date":"2023-12-06T17:33:58","date_gmt":"2023-12-06T16:33:58","guid":{"rendered":"https:\/\/serbenidorm.daliisolutions.com\/index.php\/dm-podcast\/nathalie-torres-compromis-es-importantissima-lindustria-de-laudiovisual-valenciana\/"},"modified":"2023-12-06T17:33:58","modified_gmt":"2023-12-06T16:33:58","slug":"nathalie-torres-compromis-es-importantissima-lindustria-de-laudiovisual-valenciana","status":"publish","type":"dm-podcast","link":"https:\/\/serbenidorm.daliisolutions.com\/index.php\/dm-podcast\/nathalie-torres-compromis-es-importantissima-lindustria-de-laudiovisual-valenciana\/","title":{"rendered":"Nathalie Torres (Comprom\u00eds): \u00ab\u00c9s important\u00edssima l&#8217;ind\u00fastria de l&#8217;audiovisual valenciana\u00bb"},"featured_media":0,"template":"","meta":{"_acf_changed":false},"dm-programa":[7],"class_list":["post-412","dm-podcast","type-dm-podcast","status-publish","hentry","dm-programa-podcast-radio-valencia-hora-14-comunitat-valenciana-2298"],"acf":{"url":"https:\/\/sdmedia.playser.cadenaser.com\/playser\/multimedia\/202312\/6\/1701862365159_1701862418_audio_128.mp3"},"_links":{"self":[{"href":"https:\/\/serbenidorm.daliisolutions.com\/index.php\/wp-json\/wp\/v2\/dm-podcast\/412","targetHints":{"allow":["GET"]}}],"collection":[{"href":"https:\/\/serbenidorm.daliisolutions.com\/index.php\/wp-json\/wp\/v2\/dm-podcast"}],"about":[{"href":"https:\/\/serbenidorm.daliisolutions.com\/index.php\/wp-json\/wp\/v2\/types\/dm-podcast"}],"wp:attachment":[{"href":"https:\/\/serbenidorm.daliisolutions.com\/index.php\/wp-json\/wp\/v2\/media?parent=412"}],"wp:term":[{"taxonomy":"dm-programa","embeddable":true,"href":"https:\/\/serbenidorm.daliisolutions.com\/index.php\/wp-json\/wp\/v2\/dm-programa?post=412"}],"curies":[{"name":"wp","href":"https:\/\/api.w.org\/{rel}","templated":true}]}}

Nathalie Torres (Compromís): «És importantíssima l&#8217;indústria de l&#8217;audiovisual valenciana»
