{"id":4120,"date":"2024-04-15T20:40:08","date_gmt":"2024-04-15T18:40:08","guid":{"rendered":"https:\/\/serbenidorm.daliisolutions.com\/index.php\/dm-podcast\/maria-jose-catala-absolutamente-abierta-y-dispuesta-a-valorar-soluciones-con-el-sector-del-taxi-para-la-estacion-joaquin-sorolla\/"},"modified":"2024-04-15T20:40:08","modified_gmt":"2024-04-15T18:40:08","slug":"maria-jose-catala-absolutamente-abierta-y-dispuesta-a-valorar-soluciones-con-el-sector-del-taxi-para-la-estacion-joaquin-sorolla","status":"publish","type":"dm-podcast","link":"https:\/\/serbenidorm.daliisolutions.com\/index.php\/dm-podcast\/maria-jose-catala-absolutamente-abierta-y-dispuesta-a-valorar-soluciones-con-el-sector-del-taxi-para-la-estacion-joaquin-sorolla\/","title":{"rendered":"Mar\u00eda Jos\u00e9 Catal\u00e1, \u00ababsolutamente abierta y dispuesta\u00bb a valorar soluciones con el sector del taxi para la estaci\u00f3n Joaqu\u00edn Sorolla"},"featured_media":0,"template":"","meta":{"_acf_changed":false},"dm-programa":[7],"class_list":["post-4120","dm-podcast","type-dm-podcast","status-publish","hentry","dm-programa-podcast-radio-valencia-hora-14-comunitat-valenciana-2298"],"acf":{"url":"https:\/\/sdmedia.playser.cadenaser.com\/playser\/multimedia\/20244\/15\/1713187724922_1713187744_audio_128.mp3"},"_links":{"self":[{"href":"https:\/\/serbenidorm.daliisolutions.com\/index.php\/wp-json\/wp\/v2\/dm-podcast\/4120","targetHints":{"allow":["GET"]}}],"collection":[{"href":"https:\/\/serbenidorm.daliisolutions.com\/index.php\/wp-json\/wp\/v2\/dm-podcast"}],"about":[{"href":"https:\/\/serbenidorm.daliisolutions.com\/index.php\/wp-json\/wp\/v2\/types\/dm-podcast"}],"wp:attachment":[{"href":"https:\/\/serbenidorm.daliisolutions.com\/index.php\/wp-json\/wp\/v2\/media?parent=4120"}],"wp:term":[{"taxonomy":"dm-programa","embeddable":true,"href":"https:\/\/serbenidorm.daliisolutions.com\/index.php\/wp-json\/wp\/v2\/dm-programa?post=4120"}],"curies":[{"name":"wp","href":"https:\/\/api.w.org\/{rel}","templated":true}]}}

María José Catalá, «absolutamente abierta y dispuesta» a valorar soluciones con el sector del taxi para la estación Joaquín Sorolla
