{"id":4137,"date":"2024-04-16T14:06:13","date_gmt":"2024-04-16T12:06:13","guid":{"rendered":"https:\/\/serbenidorm.daliisolutions.com\/index.php\/dm-podcast\/salome-pradas-es-una-inversion-historica-las-nuevas-lineas-empezaran-a-funcionar-este-ano\/"},"modified":"2024-04-16T14:06:13","modified_gmt":"2024-04-16T12:06:13","slug":"salome-pradas-es-una-inversion-historica-las-nuevas-lineas-empezaran-a-funcionar-este-ano","status":"publish","type":"dm-podcast","link":"https:\/\/serbenidorm.daliisolutions.com\/index.php\/dm-podcast\/salome-pradas-es-una-inversion-historica-las-nuevas-lineas-empezaran-a-funcionar-este-ano\/","title":{"rendered":"Salom\u00e9 Pradas: \u00abEs una inversi\u00f3n hist\u00f3rica, las nuevas l\u00edneas empezar\u00e1n a funcionar este a\u00f1o\u00bb"},"featured_media":0,"template":"","meta":{"_acf_changed":false},"dm-programa":[7],"class_list":["post-4137","dm-podcast","type-dm-podcast","status-publish","hentry","dm-programa-podcast-radio-valencia-hora-14-comunitat-valenciana-2298"],"acf":{"url":"https:\/\/sdmedia.playser.cadenaser.com\/playser\/multimedia\/20244\/15\/1713199506444_1713199547_audio_128.mp3"},"_links":{"self":[{"href":"https:\/\/serbenidorm.daliisolutions.com\/index.php\/wp-json\/wp\/v2\/dm-podcast\/4137","targetHints":{"allow":["GET"]}}],"collection":[{"href":"https:\/\/serbenidorm.daliisolutions.com\/index.php\/wp-json\/wp\/v2\/dm-podcast"}],"about":[{"href":"https:\/\/serbenidorm.daliisolutions.com\/index.php\/wp-json\/wp\/v2\/types\/dm-podcast"}],"wp:attachment":[{"href":"https:\/\/serbenidorm.daliisolutions.com\/index.php\/wp-json\/wp\/v2\/media?parent=4137"}],"wp:term":[{"taxonomy":"dm-programa","embeddable":true,"href":"https:\/\/serbenidorm.daliisolutions.com\/index.php\/wp-json\/wp\/v2\/dm-programa?post=4137"}],"curies":[{"name":"wp","href":"https:\/\/api.w.org\/{rel}","templated":true}]}}

Salomé Pradas: «Es una inversión histórica, las nuevas líneas empezarán a funcionar este año»
