{"id":4139,"date":"2024-04-16T14:06:13","date_gmt":"2024-04-16T12:06:13","guid":{"rendered":"https:\/\/serbenidorm.daliisolutions.com\/index.php\/dm-podcast\/ferran-edo-comite-empresa-bombers-forestals-a-elisa-nunez-el-cargo-le-viene-grande\/"},"modified":"2024-04-16T14:06:13","modified_gmt":"2024-04-16T12:06:13","slug":"ferran-edo-comite-empresa-bombers-forestals-a-elisa-nunez-el-cargo-le-viene-grande","status":"publish","type":"dm-podcast","link":"https:\/\/serbenidorm.daliisolutions.com\/index.php\/dm-podcast\/ferran-edo-comite-empresa-bombers-forestals-a-elisa-nunez-el-cargo-le-viene-grande\/","title":{"rendered":"Ferran Edo (Comit\u00e9 Empresa Bombers Forestals): A Elisa N\u00fa\u00f1ez el cargo le viene grande"},"featured_media":0,"template":"","meta":{"_acf_changed":false},"dm-programa":[7],"class_list":["post-4139","dm-podcast","type-dm-podcast","status-publish","hentry","dm-programa-podcast-radio-valencia-hora-14-comunitat-valenciana-2298"],"acf":{"url":"https:\/\/sdmedia.playser.cadenaser.com\/playser\/multimedia\/20244\/16\/1713261357781_1713261390_audio_128.mp3"},"_links":{"self":[{"href":"https:\/\/serbenidorm.daliisolutions.com\/index.php\/wp-json\/wp\/v2\/dm-podcast\/4139","targetHints":{"allow":["GET"]}}],"collection":[{"href":"https:\/\/serbenidorm.daliisolutions.com\/index.php\/wp-json\/wp\/v2\/dm-podcast"}],"about":[{"href":"https:\/\/serbenidorm.daliisolutions.com\/index.php\/wp-json\/wp\/v2\/types\/dm-podcast"}],"wp:attachment":[{"href":"https:\/\/serbenidorm.daliisolutions.com\/index.php\/wp-json\/wp\/v2\/media?parent=4139"}],"wp:term":[{"taxonomy":"dm-programa","embeddable":true,"href":"https:\/\/serbenidorm.daliisolutions.com\/index.php\/wp-json\/wp\/v2\/dm-programa?post=4139"}],"curies":[{"name":"wp","href":"https:\/\/api.w.org\/{rel}","templated":true}]}}

Ferran Edo (Comité Empresa Bombers Forestals): A Elisa Núñez el cargo le viene grande
