{"id":4140,"date":"2024-04-16T14:06:13","date_gmt":"2024-04-16T12:06:13","guid":{"rendered":"https:\/\/serbenidorm.daliisolutions.com\/index.php\/dm-podcast\/carles-arnal-accio-ecologista-agro-afirma-que-quitar-vegetacion-no-evita-incendios-forestales\/"},"modified":"2024-04-16T14:06:13","modified_gmt":"2024-04-16T12:06:13","slug":"carles-arnal-accio-ecologista-agro-afirma-que-quitar-vegetacion-no-evita-incendios-forestales","status":"publish","type":"dm-podcast","link":"https:\/\/serbenidorm.daliisolutions.com\/index.php\/dm-podcast\/carles-arnal-accio-ecologista-agro-afirma-que-quitar-vegetacion-no-evita-incendios-forestales\/","title":{"rendered":"Carles Arnal (Acci\u00f3 Ecologista Agr\u00f3) afirma que quitar vegetaci\u00f3n no evita incendios forestales"},"featured_media":0,"template":"","meta":{"_acf_changed":false},"dm-programa":[7],"class_list":["post-4140","dm-podcast","type-dm-podcast","status-publish","hentry","dm-programa-podcast-radio-valencia-hora-14-comunitat-valenciana-2298"],"acf":{"url":"https:\/\/sdmedia.playser.cadenaser.com\/playser\/multimedia\/20244\/16\/1713261552471_1713261571_audio_128.mp3"},"_links":{"self":[{"href":"https:\/\/serbenidorm.daliisolutions.com\/index.php\/wp-json\/wp\/v2\/dm-podcast\/4140","targetHints":{"allow":["GET"]}}],"collection":[{"href":"https:\/\/serbenidorm.daliisolutions.com\/index.php\/wp-json\/wp\/v2\/dm-podcast"}],"about":[{"href":"https:\/\/serbenidorm.daliisolutions.com\/index.php\/wp-json\/wp\/v2\/types\/dm-podcast"}],"wp:attachment":[{"href":"https:\/\/serbenidorm.daliisolutions.com\/index.php\/wp-json\/wp\/v2\/media?parent=4140"}],"wp:term":[{"taxonomy":"dm-programa","embeddable":true,"href":"https:\/\/serbenidorm.daliisolutions.com\/index.php\/wp-json\/wp\/v2\/dm-programa?post=4140"}],"curies":[{"name":"wp","href":"https:\/\/api.w.org\/{rel}","templated":true}]}}

Carles Arnal (Acció Ecologista Agró) afirma que quitar vegetación no evita incendios forestales
