{"id":4184,"date":"2024-04-17T16:55:45","date_gmt":"2024-04-17T14:55:45","guid":{"rendered":"https:\/\/serbenidorm.daliisolutions.com\/index.php\/dm-podcast\/felix-bolanos-muestra-toda-su-solidaridad-con-las-victimas-del-terrorismo-y-sus-familias\/"},"modified":"2024-04-17T16:55:45","modified_gmt":"2024-04-17T14:55:45","slug":"felix-bolanos-muestra-toda-su-solidaridad-con-las-victimas-del-terrorismo-y-sus-familias","status":"publish","type":"dm-podcast","link":"https:\/\/serbenidorm.daliisolutions.com\/index.php\/dm-podcast\/felix-bolanos-muestra-toda-su-solidaridad-con-las-victimas-del-terrorismo-y-sus-familias\/","title":{"rendered":"F\u00e9lix Bola\u00f1os muestra toda su solidaridad con las v\u00edctimas del terrorismo y sus familias"},"featured_media":0,"template":"","meta":{"_acf_changed":false},"dm-programa":[7],"class_list":["post-4184","dm-podcast","type-dm-podcast","status-publish","hentry","dm-programa-podcast-radio-valencia-hora-14-comunitat-valenciana-2298"],"acf":{"url":"https:\/\/sdmedia.playser.cadenaser.com\/playser\/multimedia\/20244\/17\/1713350558054_1713350573_audio_128.mp3"},"_links":{"self":[{"href":"https:\/\/serbenidorm.daliisolutions.com\/index.php\/wp-json\/wp\/v2\/dm-podcast\/4184","targetHints":{"allow":["GET"]}}],"collection":[{"href":"https:\/\/serbenidorm.daliisolutions.com\/index.php\/wp-json\/wp\/v2\/dm-podcast"}],"about":[{"href":"https:\/\/serbenidorm.daliisolutions.com\/index.php\/wp-json\/wp\/v2\/types\/dm-podcast"}],"wp:attachment":[{"href":"https:\/\/serbenidorm.daliisolutions.com\/index.php\/wp-json\/wp\/v2\/media?parent=4184"}],"wp:term":[{"taxonomy":"dm-programa","embeddable":true,"href":"https:\/\/serbenidorm.daliisolutions.com\/index.php\/wp-json\/wp\/v2\/dm-programa?post=4184"}],"curies":[{"name":"wp","href":"https:\/\/api.w.org\/{rel}","templated":true}]}}

Félix Bolaños muestra toda su solidaridad con las víctimas del terrorismo y sus familias
