{"id":4280,"date":"2024-04-20T15:51:59","date_gmt":"2024-04-20T13:51:59","guid":{"rendered":"https:\/\/serbenidorm.daliisolutions.com\/index.php\/dm-podcast\/guillermo-lujan-alcalde-de-aldaia-recalca-que-uno-de-los-barrios-mas-perjudicados-por-la-huella-acustica-de-manises-es-el-barrio-del-cristo\/"},"modified":"2024-04-20T15:51:59","modified_gmt":"2024-04-20T13:51:59","slug":"guillermo-lujan-alcalde-de-aldaia-recalca-que-uno-de-los-barrios-mas-perjudicados-por-la-huella-acustica-de-manises-es-el-barrio-del-cristo","status":"publish","type":"dm-podcast","link":"https:\/\/serbenidorm.daliisolutions.com\/index.php\/dm-podcast\/guillermo-lujan-alcalde-de-aldaia-recalca-que-uno-de-los-barrios-mas-perjudicados-por-la-huella-acustica-de-manises-es-el-barrio-del-cristo\/","title":{"rendered":"Guillermo Luj\u00e1n (alcalde de Aldaia) recalca que uno de los barrios m\u00e1s perjudicados por la huella ac\u00fastica de Manises es el barrio del Cristo"},"featured_media":0,"template":"","meta":{"_acf_changed":false},"dm-programa":[7],"class_list":["post-4280","dm-podcast","type-dm-podcast","status-publish","hentry","dm-programa-podcast-radio-valencia-hora-14-comunitat-valenciana-2298"],"acf":{"url":"https:\/\/sdmedia.playser.cadenaser.com\/playser\/multimedia\/20244\/20\/1713608928155_1713608922_audio_128.mp3"},"_links":{"self":[{"href":"https:\/\/serbenidorm.daliisolutions.com\/index.php\/wp-json\/wp\/v2\/dm-podcast\/4280","targetHints":{"allow":["GET"]}}],"collection":[{"href":"https:\/\/serbenidorm.daliisolutions.com\/index.php\/wp-json\/wp\/v2\/dm-podcast"}],"about":[{"href":"https:\/\/serbenidorm.daliisolutions.com\/index.php\/wp-json\/wp\/v2\/types\/dm-podcast"}],"wp:attachment":[{"href":"https:\/\/serbenidorm.daliisolutions.com\/index.php\/wp-json\/wp\/v2\/media?parent=4280"}],"wp:term":[{"taxonomy":"dm-programa","embeddable":true,"href":"https:\/\/serbenidorm.daliisolutions.com\/index.php\/wp-json\/wp\/v2\/dm-programa?post=4280"}],"curies":[{"name":"wp","href":"https:\/\/api.w.org\/{rel}","templated":true}]}}

Guillermo Luján (alcalde de Aldaia) recalca que uno de los barrios más perjudicados por la huella acústica de Manises es el barrio del Cristo
