{"id":4284,"date":"2024-04-20T15:51:59","date_gmt":"2024-04-20T13:51:59","guid":{"rendered":"https:\/\/serbenidorm.daliisolutions.com\/index.php\/dm-podcast\/luis-palomino-presidente-asegre-afirma-que-en-los-ultimos-anos-han-notado-un-aumento-de-los-incendios-debido-a-las-pequenas-baterias\/"},"modified":"2024-04-20T15:51:59","modified_gmt":"2024-04-20T13:51:59","slug":"luis-palomino-presidente-asegre-afirma-que-en-los-ultimos-anos-han-notado-un-aumento-de-los-incendios-debido-a-las-pequenas-baterias","status":"publish","type":"dm-podcast","link":"https:\/\/serbenidorm.daliisolutions.com\/index.php\/dm-podcast\/luis-palomino-presidente-asegre-afirma-que-en-los-ultimos-anos-han-notado-un-aumento-de-los-incendios-debido-a-las-pequenas-baterias\/","title":{"rendered":"Luis Palomino (presidente ASEGRE) afirma que en los \u00faltimos a\u00f1os han notado un aumento de los incendios debido a las peque\u00f1as bater\u00edas"},"featured_media":0,"template":"","meta":{"_acf_changed":false},"dm-programa":[7],"class_list":["post-4284","dm-podcast","type-dm-podcast","status-publish","hentry","dm-programa-podcast-radio-valencia-hora-14-comunitat-valenciana-2298"],"acf":{"url":"https:\/\/sdmedia.playser.cadenaser.com\/playser\/multimedia\/20244\/20\/1713611662831_1713611665_audio_128.mp3"},"_links":{"self":[{"href":"https:\/\/serbenidorm.daliisolutions.com\/index.php\/wp-json\/wp\/v2\/dm-podcast\/4284","targetHints":{"allow":["GET"]}}],"collection":[{"href":"https:\/\/serbenidorm.daliisolutions.com\/index.php\/wp-json\/wp\/v2\/dm-podcast"}],"about":[{"href":"https:\/\/serbenidorm.daliisolutions.com\/index.php\/wp-json\/wp\/v2\/types\/dm-podcast"}],"wp:attachment":[{"href":"https:\/\/serbenidorm.daliisolutions.com\/index.php\/wp-json\/wp\/v2\/media?parent=4284"}],"wp:term":[{"taxonomy":"dm-programa","embeddable":true,"href":"https:\/\/serbenidorm.daliisolutions.com\/index.php\/wp-json\/wp\/v2\/dm-programa?post=4284"}],"curies":[{"name":"wp","href":"https:\/\/api.w.org\/{rel}","templated":true}]}}

Luis Palomino (presidente ASEGRE) afirma que en los últimos años han notado un aumento de los incendios debido a las pequeñas baterías
