{"id":4288,"date":"2024-04-21T12:59:14","date_gmt":"2024-04-21T10:59:14","guid":{"rendered":"https:\/\/serbenidorm.daliisolutions.com\/index.php\/dm-podcast\/carlos-arribas-ecologistas-en-accion-comunitat-valenciana-pone-el-foco-en-el-sistema-de-gestion-de-residuos-de-la-comunitat-valenciana-que-segun-el-es-la-gran-asignatura-pendiente\/"},"modified":"2024-04-21T12:59:14","modified_gmt":"2024-04-21T10:59:14","slug":"carlos-arribas-ecologistas-en-accion-comunitat-valenciana-pone-el-foco-en-el-sistema-de-gestion-de-residuos-de-la-comunitat-valenciana-que-segun-el-es-la-gran-asignatura-pendiente","status":"publish","type":"dm-podcast","link":"https:\/\/serbenidorm.daliisolutions.com\/index.php\/dm-podcast\/carlos-arribas-ecologistas-en-accion-comunitat-valenciana-pone-el-foco-en-el-sistema-de-gestion-de-residuos-de-la-comunitat-valenciana-que-segun-el-es-la-gran-asignatura-pendiente\/","title":{"rendered":"Carlos Arribas (Ecologistas en Acci\u00f3n Comunitat Valenciana) pone el foco en el sistema de gesti\u00f3n de residuos de la Comunitat Valenciana que, seg\u00fan \u00e9l, es la gran asignatura pendiente"},"featured_media":0,"template":"","meta":{"_acf_changed":false},"dm-programa":[7],"class_list":["post-4288","dm-podcast","type-dm-podcast","status-publish","hentry","dm-programa-podcast-radio-valencia-hora-14-comunitat-valenciana-2298"],"acf":{"url":"https:\/\/sdmedia.playser.cadenaser.com\/playser\/multimedia\/20244\/20\/1713611703684_1713611702_audio_128.mp3"},"_links":{"self":[{"href":"https:\/\/serbenidorm.daliisolutions.com\/index.php\/wp-json\/wp\/v2\/dm-podcast\/4288","targetHints":{"allow":["GET"]}}],"collection":[{"href":"https:\/\/serbenidorm.daliisolutions.com\/index.php\/wp-json\/wp\/v2\/dm-podcast"}],"about":[{"href":"https:\/\/serbenidorm.daliisolutions.com\/index.php\/wp-json\/wp\/v2\/types\/dm-podcast"}],"wp:attachment":[{"href":"https:\/\/serbenidorm.daliisolutions.com\/index.php\/wp-json\/wp\/v2\/media?parent=4288"}],"wp:term":[{"taxonomy":"dm-programa","embeddable":true,"href":"https:\/\/serbenidorm.daliisolutions.com\/index.php\/wp-json\/wp\/v2\/dm-programa?post=4288"}],"curies":[{"name":"wp","href":"https:\/\/api.w.org\/{rel}","templated":true}]}}

Carlos Arribas (Ecologistas en Acción Comunitat Valenciana) pone el foco en el sistema de gestión de residuos de la Comunitat Valenciana que, según él, es la gran asignatura pendiente
