{"id":4294,"date":"2024-04-21T12:59:14","date_gmt":"2024-04-21T10:59:14","guid":{"rendered":""},"modified":"2024-04-21T12:59:14","modified_gmt":"2024-04-21T10:59:14","slug":"toni-gonzalez-presidente-de-la-asociacion-espanola-de-municipios-de-la-automocion-considera-gonzalez-que-la-union-europea-tendria-que-haber-sido-mas-flexible-para-reconvertir-el-sector-del-automovil","status":"publish","type":"dm-podcast","link":"https:\/\/serbenidorm.daliisolutions.com\/index.php\/dm-podcast\/toni-gonzalez-presidente-de-la-asociacion-espanola-de-municipios-de-la-automocion-considera-gonzalez-que-la-union-europea-tendria-que-haber-sido-mas-flexible-para-reconvertir-el-sector-del-automovil\/","title":{"rendered":"Toni Gonz\u00e1lez (presidente de la Asociaci\u00f3n Espa\u00f1ola de Municipios de la Automoci\u00f3n) considera Gonz\u00e1lez que la Uni\u00f3n Europea tendr\u00eda que haber sido m\u00e1s flexible para reconvertir el sector del autom\u00f3vil"},"featured_media":0,"template":"","meta":{"_acf_changed":false},"dm-programa":[7],"class_list":["post-4294","dm-podcast","type-dm-podcast","status-publish","hentry","dm-programa-podcast-radio-valencia-hora-14-comunitat-valenciana-2298"],"acf":{"url":"https:\/\/sdmedia.playser.cadenaser.com\/playser\/multimedia\/20244\/20\/1713616961422_1713616954_audio_128.mp3"},"_links":{"self":[{"href":"https:\/\/serbenidorm.daliisolutions.com\/index.php\/wp-json\/wp\/v2\/dm-podcast\/4294","targetHints":{"allow":["GET"]}}],"collection":[{"href":"https:\/\/serbenidorm.daliisolutions.com\/index.php\/wp-json\/wp\/v2\/dm-podcast"}],"about":[{"href":"https:\/\/serbenidorm.daliisolutions.com\/index.php\/wp-json\/wp\/v2\/types\/dm-podcast"}],"wp:attachment":[{"href":"https:\/\/serbenidorm.daliisolutions.com\/index.php\/wp-json\/wp\/v2\/media?parent=4294"}],"wp:term":[{"taxonomy":"dm-programa","embeddable":true,"href":"https:\/\/serbenidorm.daliisolutions.com\/index.php\/wp-json\/wp\/v2\/dm-programa?post=4294"}],"curies":[{"name":"wp","href":"https:\/\/api.w.org\/{rel}","templated":true}]}}

Toni González (presidente de la Asociación Española de Municipios de la Automoción) considera González que la Unión Europea tendría que haber sido más flexible para reconvertir el sector del automóvil
