{"id":4295,"date":"2024-04-21T12:59:14","date_gmt":"2024-04-21T10:59:14","guid":{"rendered":"https:\/\/serbenidorm.daliisolutions.com\/index.php\/dm-podcast\/toni-gonzalez-presidente-de-la-asociacion-espanola-de-municipios-de-la-automocion-cree-que-son-necesarias-mas-politicas-fiscales-para-incentivar-la-compra-del-vehiculo-electrico\/"},"modified":"2024-04-21T12:59:14","modified_gmt":"2024-04-21T10:59:14","slug":"toni-gonzalez-presidente-de-la-asociacion-espanola-de-municipios-de-la-automocion-cree-que-son-necesarias-mas-politicas-fiscales-para-incentivar-la-compra-del-vehiculo-electrico","status":"publish","type":"dm-podcast","link":"https:\/\/serbenidorm.daliisolutions.com\/index.php\/dm-podcast\/toni-gonzalez-presidente-de-la-asociacion-espanola-de-municipios-de-la-automocion-cree-que-son-necesarias-mas-politicas-fiscales-para-incentivar-la-compra-del-vehiculo-electrico\/","title":{"rendered":"Toni Gonz\u00e1lez (presidente de la Asociaci\u00f3n Espa\u00f1ola de Municipios de la Automoci\u00f3n) cree que son necesarias m\u00e1s pol\u00edticas fiscales para incentivar la compra del veh\u00edculo el\u00e9ctrico"},"featured_media":0,"template":"","meta":{"_acf_changed":false},"dm-programa":[7],"class_list":["post-4295","dm-podcast","type-dm-podcast","status-publish","hentry","dm-programa-podcast-radio-valencia-hora-14-comunitat-valenciana-2298"],"acf":{"url":"https:\/\/sdmedia.playser.cadenaser.com\/playser\/multimedia\/20244\/20\/1713617005414_1713617008_audio_128.mp3"},"_links":{"self":[{"href":"https:\/\/serbenidorm.daliisolutions.com\/index.php\/wp-json\/wp\/v2\/dm-podcast\/4295","targetHints":{"allow":["GET"]}}],"collection":[{"href":"https:\/\/serbenidorm.daliisolutions.com\/index.php\/wp-json\/wp\/v2\/dm-podcast"}],"about":[{"href":"https:\/\/serbenidorm.daliisolutions.com\/index.php\/wp-json\/wp\/v2\/types\/dm-podcast"}],"wp:attachment":[{"href":"https:\/\/serbenidorm.daliisolutions.com\/index.php\/wp-json\/wp\/v2\/media?parent=4295"}],"wp:term":[{"taxonomy":"dm-programa","embeddable":true,"href":"https:\/\/serbenidorm.daliisolutions.com\/index.php\/wp-json\/wp\/v2\/dm-programa?post=4295"}],"curies":[{"name":"wp","href":"https:\/\/api.w.org\/{rel}","templated":true}]}}

Toni González (presidente de la Asociación Española de Municipios de la Automoción) cree que son necesarias más políticas fiscales para incentivar la compra del vehículo eléctrico
