{"id":4307,"date":"2024-04-21T20:37:54","date_gmt":"2024-04-21T18:37:54","guid":{"rendered":"https:\/\/serbenidorm.daliisolutions.com\/index.php\/dm-podcast\/jesus-figuerola-vicepresidente-de-la-fundacio-full-explica-que-el-libro-en-papel-sigue-ganando-adeptos-y-se-vende-mas-que-nunca\/"},"modified":"2024-04-21T20:37:54","modified_gmt":"2024-04-21T18:37:54","slug":"jesus-figuerola-vicepresidente-de-la-fundacio-full-explica-que-el-libro-en-papel-sigue-ganando-adeptos-y-se-vende-mas-que-nunca","status":"publish","type":"dm-podcast","link":"https:\/\/serbenidorm.daliisolutions.com\/index.php\/dm-podcast\/jesus-figuerola-vicepresidente-de-la-fundacio-full-explica-que-el-libro-en-papel-sigue-ganando-adeptos-y-se-vende-mas-que-nunca\/","title":{"rendered":"Jes\u00fas Figuerola (vicepresidente de la Fundaci\u00f3 FULL) explica que el libro en papel sigue ganando adeptos y se vende m\u00e1s que nunca"},"featured_media":0,"template":"","meta":{"_acf_changed":false},"dm-programa":[7],"class_list":["post-4307","dm-podcast","type-dm-podcast","status-publish","hentry","dm-programa-podcast-radio-valencia-hora-14-comunitat-valenciana-2298"],"acf":{"url":"https:\/\/sdmedia.playser.cadenaser.com\/playser\/multimedia\/20244\/21\/1713703369344_1713703369_audio_128.mp3"},"_links":{"self":[{"href":"https:\/\/serbenidorm.daliisolutions.com\/index.php\/wp-json\/wp\/v2\/dm-podcast\/4307","targetHints":{"allow":["GET"]}}],"collection":[{"href":"https:\/\/serbenidorm.daliisolutions.com\/index.php\/wp-json\/wp\/v2\/dm-podcast"}],"about":[{"href":"https:\/\/serbenidorm.daliisolutions.com\/index.php\/wp-json\/wp\/v2\/types\/dm-podcast"}],"wp:attachment":[{"href":"https:\/\/serbenidorm.daliisolutions.com\/index.php\/wp-json\/wp\/v2\/media?parent=4307"}],"wp:term":[{"taxonomy":"dm-programa","embeddable":true,"href":"https:\/\/serbenidorm.daliisolutions.com\/index.php\/wp-json\/wp\/v2\/dm-programa?post=4307"}],"curies":[{"name":"wp","href":"https:\/\/api.w.org\/{rel}","templated":true}]}}

Jesús Figuerola (vicepresidente de la Fundació FULL) explica que el libro en papel sigue ganando adeptos y se vende más que nunca
