{"id":4329,"date":"2024-04-22T13:52:27","date_gmt":"2024-04-22T11:52:27","guid":{"rendered":"https:\/\/serbenidorm.daliisolutions.com\/index.php\/dm-podcast\/veronica-canto-avl-no-se-percibe-imposicion-linguistica-del-valenciano\/"},"modified":"2024-04-22T13:52:27","modified_gmt":"2024-04-22T11:52:27","slug":"veronica-canto-avl-no-se-percibe-imposicion-linguistica-del-valenciano","status":"publish","type":"dm-podcast","link":"https:\/\/serbenidorm.daliisolutions.com\/index.php\/dm-podcast\/veronica-canto-avl-no-se-percibe-imposicion-linguistica-del-valenciano\/","title":{"rendered":"Ver\u00f2nica Cant\u00f3 (AVL): \u00abNo se percibe imposici\u00f3n ling\u00fc\u00edstica del valenciano\u00bb"},"featured_media":0,"template":"","meta":{"_acf_changed":false},"dm-programa":[7],"class_list":["post-4329","dm-podcast","type-dm-podcast","status-publish","hentry","dm-programa-podcast-radio-valencia-hora-14-comunitat-valenciana-2298"],"acf":{"url":"https:\/\/sdmedia.playser.cadenaser.com\/playser\/multimedia\/20244\/22\/1713782910735_1713782926_audio_128.mp3"},"_links":{"self":[{"href":"https:\/\/serbenidorm.daliisolutions.com\/index.php\/wp-json\/wp\/v2\/dm-podcast\/4329","targetHints":{"allow":["GET"]}}],"collection":[{"href":"https:\/\/serbenidorm.daliisolutions.com\/index.php\/wp-json\/wp\/v2\/dm-podcast"}],"about":[{"href":"https:\/\/serbenidorm.daliisolutions.com\/index.php\/wp-json\/wp\/v2\/types\/dm-podcast"}],"wp:attachment":[{"href":"https:\/\/serbenidorm.daliisolutions.com\/index.php\/wp-json\/wp\/v2\/media?parent=4329"}],"wp:term":[{"taxonomy":"dm-programa","embeddable":true,"href":"https:\/\/serbenidorm.daliisolutions.com\/index.php\/wp-json\/wp\/v2\/dm-programa?post=4329"}],"curies":[{"name":"wp","href":"https:\/\/api.w.org\/{rel}","templated":true}]}}

Verònica Cantó (AVL): «No se percibe imposición lingüística del valenciano»
