{"id":433,"date":"2023-12-07T14:16:24","date_gmt":"2023-12-07T13:16:24","guid":{"rendered":"https:\/\/serbenidorm.daliisolutions.com\/index.php\/dm-podcast\/juan-carlos-gallart-ccoopv-las-condiciones-en-la-hosteleria-no-son-las-mas-optimas\/"},"modified":"2023-12-07T14:16:24","modified_gmt":"2023-12-07T13:16:24","slug":"juan-carlos-gallart-ccoopv-las-condiciones-en-la-hosteleria-no-son-las-mas-optimas","status":"publish","type":"dm-podcast","link":"https:\/\/serbenidorm.daliisolutions.com\/index.php\/dm-podcast\/juan-carlos-gallart-ccoopv-las-condiciones-en-la-hosteleria-no-son-las-mas-optimas\/","title":{"rendered":"Juan Carlos Gallart (CCOOPV): \u00abLas condiciones en la hosteler\u00eda no son las m\u00e1s \u00f3ptimas\u00bb"},"featured_media":0,"template":"","meta":{"_acf_changed":false},"dm-programa":[7],"class_list":["post-433","dm-podcast","type-dm-podcast","status-publish","hentry","dm-programa-podcast-radio-valencia-hora-14-comunitat-valenciana-2298"],"acf":{"url":"https:\/\/sdmedia.playser.cadenaser.com\/playser\/multimedia\/202312\/7\/1701951827014_1701951851_audio_128.mp3"},"_links":{"self":[{"href":"https:\/\/serbenidorm.daliisolutions.com\/index.php\/wp-json\/wp\/v2\/dm-podcast\/433","targetHints":{"allow":["GET"]}}],"collection":[{"href":"https:\/\/serbenidorm.daliisolutions.com\/index.php\/wp-json\/wp\/v2\/dm-podcast"}],"about":[{"href":"https:\/\/serbenidorm.daliisolutions.com\/index.php\/wp-json\/wp\/v2\/types\/dm-podcast"}],"wp:attachment":[{"href":"https:\/\/serbenidorm.daliisolutions.com\/index.php\/wp-json\/wp\/v2\/media?parent=433"}],"wp:term":[{"taxonomy":"dm-programa","embeddable":true,"href":"https:\/\/serbenidorm.daliisolutions.com\/index.php\/wp-json\/wp\/v2\/dm-programa?post=433"}],"curies":[{"name":"wp","href":"https:\/\/api.w.org\/{rel}","templated":true}]}}

Juan Carlos Gallart (CCOOPV): «Las condiciones en la hostelería no son las más óptimas»
