{"id":4337,"date":"2024-04-23T07:01:57","date_gmt":"2024-04-23T05:01:57","guid":{"rendered":"https:\/\/serbenidorm.daliisolutions.com\/index.php\/dm-podcast\/hector-baldo-nos-cuenta-cual-ha-sido-la-musica-de-tu-vida\/"},"modified":"2024-04-23T07:01:57","modified_gmt":"2024-04-23T05:01:57","slug":"hector-baldo-nos-cuenta-cual-ha-sido-la-musica-de-tu-vida","status":"publish","type":"dm-podcast","link":"https:\/\/serbenidorm.daliisolutions.com\/index.php\/dm-podcast\/hector-baldo-nos-cuenta-cual-ha-sido-la-musica-de-tu-vida\/","title":{"rendered":"H\u00e9ctor Bald\u00f3 nos cuenta cu\u00e1l ha sido \u00abLa M\u00fasica de tu Vida\u00bb"},"featured_media":0,"template":"","meta":{"_acf_changed":false},"dm-programa":[10],"class_list":["post-4337","dm-podcast","type-dm-podcast","status-publish","hentry","dm-programa-podcast-radio-benidorm-hoy-por-hoy-benidorm-2992"],"acf":{"url":"https:\/\/sdmedia.playser.cadenaser.com\/playser\/multimedia\/20244\/22\/1713778664546_1713778839_audio_128.mp3"},"_links":{"self":[{"href":"https:\/\/serbenidorm.daliisolutions.com\/index.php\/wp-json\/wp\/v2\/dm-podcast\/4337","targetHints":{"allow":["GET"]}}],"collection":[{"href":"https:\/\/serbenidorm.daliisolutions.com\/index.php\/wp-json\/wp\/v2\/dm-podcast"}],"about":[{"href":"https:\/\/serbenidorm.daliisolutions.com\/index.php\/wp-json\/wp\/v2\/types\/dm-podcast"}],"wp:attachment":[{"href":"https:\/\/serbenidorm.daliisolutions.com\/index.php\/wp-json\/wp\/v2\/media?parent=4337"}],"wp:term":[{"taxonomy":"dm-programa","embeddable":true,"href":"https:\/\/serbenidorm.daliisolutions.com\/index.php\/wp-json\/wp\/v2\/dm-programa?post=4337"}],"curies":[{"name":"wp","href":"https:\/\/api.w.org\/{rel}","templated":true}]}}

Héctor Baldó nos cuenta cuál ha sido «La Música de tu Vida»
