{"id":435,"date":"2023-12-07T14:16:24","date_gmt":"2023-12-07T13:16:24","guid":{"rendered":"https:\/\/serbenidorm.daliisolutions.com\/index.php\/dm-podcast\/maria-perez-concejala-pspv-valencia-que-ocurrira-la-semana-que-viene-cuando-pasen-seis-lineas\/"},"modified":"2023-12-07T14:16:24","modified_gmt":"2023-12-07T13:16:24","slug":"maria-perez-concejala-pspv-valencia-que-ocurrira-la-semana-que-viene-cuando-pasen-seis-lineas","status":"publish","type":"dm-podcast","link":"https:\/\/serbenidorm.daliisolutions.com\/index.php\/dm-podcast\/maria-perez-concejala-pspv-valencia-que-ocurrira-la-semana-que-viene-cuando-pasen-seis-lineas\/","title":{"rendered":"Mar\u00eda P\u00e9rez (concejala PSPV Val\u00e8ncia): \u00ab\u00bfQu\u00e9 ocurrir\u00e1 la semana que viene cuando pasen seis l\u00edneas?\u00bb"},"featured_media":0,"template":"","meta":{"_acf_changed":false},"dm-programa":[7],"class_list":["post-435","dm-podcast","type-dm-podcast","status-publish","hentry","dm-programa-podcast-radio-valencia-hora-14-comunitat-valenciana-2298"],"acf":{"url":"https:\/\/sdmedia.playser.cadenaser.com\/playser\/multimedia\/202312\/7\/1701950029762_1701950063_audio_128.mp3"},"_links":{"self":[{"href":"https:\/\/serbenidorm.daliisolutions.com\/index.php\/wp-json\/wp\/v2\/dm-podcast\/435","targetHints":{"allow":["GET"]}}],"collection":[{"href":"https:\/\/serbenidorm.daliisolutions.com\/index.php\/wp-json\/wp\/v2\/dm-podcast"}],"about":[{"href":"https:\/\/serbenidorm.daliisolutions.com\/index.php\/wp-json\/wp\/v2\/types\/dm-podcast"}],"wp:attachment":[{"href":"https:\/\/serbenidorm.daliisolutions.com\/index.php\/wp-json\/wp\/v2\/media?parent=435"}],"wp:term":[{"taxonomy":"dm-programa","embeddable":true,"href":"https:\/\/serbenidorm.daliisolutions.com\/index.php\/wp-json\/wp\/v2\/dm-programa?post=435"}],"curies":[{"name":"wp","href":"https:\/\/api.w.org\/{rel}","templated":true}]}}

María Pérez (concejala PSPV València): «¿Qué ocurrirá la semana que viene cuando pasen seis líneas?»
