{"id":4350,"date":"2024-04-23T07:01:58","date_gmt":"2024-04-23T05:01:58","guid":{"rendered":"https:\/\/serbenidorm.daliisolutions.com\/index.php\/dm-podcast\/entrevista-a-carlos-susias-presidente-de-la-red-europea-de-lucha-contra-la-pobreza-y-la-exclusion-social-en-el-estado-espanol\/"},"modified":"2024-04-23T07:01:58","modified_gmt":"2024-04-23T05:01:58","slug":"entrevista-a-carlos-susias-presidente-de-la-red-europea-de-lucha-contra-la-pobreza-y-la-exclusion-social-en-el-estado-espanol","status":"publish","type":"dm-podcast","link":"https:\/\/serbenidorm.daliisolutions.com\/index.php\/dm-podcast\/entrevista-a-carlos-susias-presidente-de-la-red-europea-de-lucha-contra-la-pobreza-y-la-exclusion-social-en-el-estado-espanol\/","title":{"rendered":"Entrevista a Carlos Sus\u00edas, presidente de la Red Europea de Lucha Contra la Pobreza y la Exclusi\u00f3n Social en el Estado Espa\u00f1ol"},"featured_media":0,"template":"","meta":{"_acf_changed":false},"dm-programa":[6],"class_list":["post-4350","dm-podcast","type-dm-podcast","status-publish","hentry","dm-programa-podcast-radio-valencia-la-ventana-comunitat-valenciana-2292"],"acf":{"url":"https:\/\/sdmedia.playser.cadenaser.com\/playser\/multimedia\/20244\/22\/1713805600837_1713805630_audio_128.mp3"},"_links":{"self":[{"href":"https:\/\/serbenidorm.daliisolutions.com\/index.php\/wp-json\/wp\/v2\/dm-podcast\/4350","targetHints":{"allow":["GET"]}}],"collection":[{"href":"https:\/\/serbenidorm.daliisolutions.com\/index.php\/wp-json\/wp\/v2\/dm-podcast"}],"about":[{"href":"https:\/\/serbenidorm.daliisolutions.com\/index.php\/wp-json\/wp\/v2\/types\/dm-podcast"}],"wp:attachment":[{"href":"https:\/\/serbenidorm.daliisolutions.com\/index.php\/wp-json\/wp\/v2\/media?parent=4350"}],"wp:term":[{"taxonomy":"dm-programa","embeddable":true,"href":"https:\/\/serbenidorm.daliisolutions.com\/index.php\/wp-json\/wp\/v2\/dm-programa?post=4350"}],"curies":[{"name":"wp","href":"https:\/\/api.w.org\/{rel}","templated":true}]}}

Entrevista a Carlos Susías, presidente de la Red Europea de Lucha Contra la Pobreza y la Exclusión Social en el Estado Español
