{"id":436,"date":"2023-12-07T14:16:24","date_gmt":"2023-12-07T13:16:24","guid":{"rendered":"https:\/\/serbenidorm.daliisolutions.com\/index.php\/dm-podcast\/gregorio-rabadan-presidente-del-comite-de-empresa-de-la-emt-de-valencia-estamos-en-unas-circunstancias-totalmente-nuevas\/"},"modified":"2023-12-07T14:16:24","modified_gmt":"2023-12-07T13:16:24","slug":"gregorio-rabadan-presidente-del-comite-de-empresa-de-la-emt-de-valencia-estamos-en-unas-circunstancias-totalmente-nuevas","status":"publish","type":"dm-podcast","link":"https:\/\/serbenidorm.daliisolutions.com\/index.php\/dm-podcast\/gregorio-rabadan-presidente-del-comite-de-empresa-de-la-emt-de-valencia-estamos-en-unas-circunstancias-totalmente-nuevas\/","title":{"rendered":"Gregorio Rabad\u00e1n (presidente del comit\u00e9 de empresa de la EMT de Val\u00e8ncia): \u00abEstamos en unas circunstancias totalmente nuevas\u00bb"},"featured_media":0,"template":"","meta":{"_acf_changed":false},"dm-programa":[7],"class_list":["post-436","dm-podcast","type-dm-podcast","status-publish","hentry","dm-programa-podcast-radio-valencia-hora-14-comunitat-valenciana-2298"],"acf":{"url":"https:\/\/sdmedia.playser.cadenaser.com\/playser\/multimedia\/202312\/7\/1701949768251_1701949806_audio_128.mp3"},"_links":{"self":[{"href":"https:\/\/serbenidorm.daliisolutions.com\/index.php\/wp-json\/wp\/v2\/dm-podcast\/436","targetHints":{"allow":["GET"]}}],"collection":[{"href":"https:\/\/serbenidorm.daliisolutions.com\/index.php\/wp-json\/wp\/v2\/dm-podcast"}],"about":[{"href":"https:\/\/serbenidorm.daliisolutions.com\/index.php\/wp-json\/wp\/v2\/types\/dm-podcast"}],"wp:attachment":[{"href":"https:\/\/serbenidorm.daliisolutions.com\/index.php\/wp-json\/wp\/v2\/media?parent=436"}],"wp:term":[{"taxonomy":"dm-programa","embeddable":true,"href":"https:\/\/serbenidorm.daliisolutions.com\/index.php\/wp-json\/wp\/v2\/dm-programa?post=436"}],"curies":[{"name":"wp","href":"https:\/\/api.w.org\/{rel}","templated":true}]}}

Gregorio Rabadán (presidente del comité de empresa de la EMT de València): «Estamos en unas circunstancias totalmente nuevas»
