{"id":437,"date":"2023-12-07T14:16:24","date_gmt":"2023-12-07T13:16:24","guid":{"rendered":"https:\/\/serbenidorm.daliisolutions.com\/index.php\/dm-podcast\/jesus-carbonell-concejal-de-movilidad-de-valencia-cree-que-las-aglomeraciones-de-personas-que-impedian-la-circulacion-de-autobuses-por-el-centro-de-la-ciudad-son-culpa-de-la-navidad\/"},"modified":"2023-12-07T14:16:24","modified_gmt":"2023-12-07T13:16:24","slug":"jesus-carbonell-concejal-de-movilidad-de-valencia-cree-que-las-aglomeraciones-de-personas-que-impedian-la-circulacion-de-autobuses-por-el-centro-de-la-ciudad-son-culpa-de-la-navidad","status":"publish","type":"dm-podcast","link":"https:\/\/serbenidorm.daliisolutions.com\/index.php\/dm-podcast\/jesus-carbonell-concejal-de-movilidad-de-valencia-cree-que-las-aglomeraciones-de-personas-que-impedian-la-circulacion-de-autobuses-por-el-centro-de-la-ciudad-son-culpa-de-la-navidad\/","title":{"rendered":"Jes\u00fas Carbonell (concejal de Movilidad de Val\u00e8ncia) cree que las aglomeraciones de personas que imped\u00edan la circulaci\u00f3n de autobuses por el centro de la ciudad son culpa de la Navidad"},"featured_media":0,"template":"","meta":{"_acf_changed":false},"dm-programa":[7],"class_list":["post-437","dm-podcast","type-dm-podcast","status-publish","hentry","dm-programa-podcast-radio-valencia-hora-14-comunitat-valenciana-2298"],"acf":{"url":"https:\/\/sdmedia.playser.cadenaser.com\/playser\/multimedia\/202312\/7\/1701949473765_1701949471_audio_128.mp3"},"_links":{"self":[{"href":"https:\/\/serbenidorm.daliisolutions.com\/index.php\/wp-json\/wp\/v2\/dm-podcast\/437","targetHints":{"allow":["GET"]}}],"collection":[{"href":"https:\/\/serbenidorm.daliisolutions.com\/index.php\/wp-json\/wp\/v2\/dm-podcast"}],"about":[{"href":"https:\/\/serbenidorm.daliisolutions.com\/index.php\/wp-json\/wp\/v2\/types\/dm-podcast"}],"wp:attachment":[{"href":"https:\/\/serbenidorm.daliisolutions.com\/index.php\/wp-json\/wp\/v2\/media?parent=437"}],"wp:term":[{"taxonomy":"dm-programa","embeddable":true,"href":"https:\/\/serbenidorm.daliisolutions.com\/index.php\/wp-json\/wp\/v2\/dm-programa?post=437"}],"curies":[{"name":"wp","href":"https:\/\/api.w.org\/{rel}","templated":true}]}}

Jesús Carbonell (concejal de Movilidad de València) cree que las aglomeraciones de personas que impedían la circulación de autobuses por el centro de la ciudad son culpa de la Navidad
