{"id":4373,"date":"2024-04-23T16:17:17","date_gmt":"2024-04-23T14:17:17","guid":{"rendered":"https:\/\/serbenidorm.daliisolutions.com\/index.php\/dm-podcast\/maria-jose-catala-alcaldesa-de-valencia-pide-el-soterramiento-de-las-vias-en-serreria\/"},"modified":"2024-04-23T16:17:17","modified_gmt":"2024-04-23T14:17:17","slug":"maria-jose-catala-alcaldesa-de-valencia-pide-el-soterramiento-de-las-vias-en-serreria","status":"publish","type":"dm-podcast","link":"https:\/\/serbenidorm.daliisolutions.com\/index.php\/dm-podcast\/maria-jose-catala-alcaldesa-de-valencia-pide-el-soterramiento-de-las-vias-en-serreria\/","title":{"rendered":"Mar\u00eda Jos\u00e9 Catal\u00e1, alcaldesa de Val\u00e8ncia, pide el soterramiento de las v\u00edas en Serrer\u00eda"},"featured_media":0,"template":"","meta":{"_acf_changed":false},"dm-programa":[7],"class_list":["post-4373","dm-podcast","type-dm-podcast","status-publish","hentry","dm-programa-podcast-radio-valencia-hora-14-comunitat-valenciana-2298"],"acf":{"url":"https:\/\/sdmedia.playser.cadenaser.com\/playser\/multimedia\/20244\/23\/1713869235564_1713869342_audio_128.mp3"},"_links":{"self":[{"href":"https:\/\/serbenidorm.daliisolutions.com\/index.php\/wp-json\/wp\/v2\/dm-podcast\/4373","targetHints":{"allow":["GET"]}}],"collection":[{"href":"https:\/\/serbenidorm.daliisolutions.com\/index.php\/wp-json\/wp\/v2\/dm-podcast"}],"about":[{"href":"https:\/\/serbenidorm.daliisolutions.com\/index.php\/wp-json\/wp\/v2\/types\/dm-podcast"}],"wp:attachment":[{"href":"https:\/\/serbenidorm.daliisolutions.com\/index.php\/wp-json\/wp\/v2\/media?parent=4373"}],"wp:term":[{"taxonomy":"dm-programa","embeddable":true,"href":"https:\/\/serbenidorm.daliisolutions.com\/index.php\/wp-json\/wp\/v2\/dm-programa?post=4373"}],"curies":[{"name":"wp","href":"https:\/\/api.w.org\/{rel}","templated":true}]}}

María José Catalá, alcaldesa de València, pide el soterramiento de las vías en Serrería
