{"id":438,"date":"2023-12-07T14:16:24","date_gmt":"2023-12-07T13:16:24","guid":{"rendered":"https:\/\/serbenidorm.daliisolutions.com\/index.php\/dm-podcast\/juan-carlos-galiano-ugt-no-sabemos-cuando-van-a-concluir-los-procesos-selectivos-una-clara-vulneracion-de-la-ley-de-creacion\/"},"modified":"2023-12-07T14:16:24","modified_gmt":"2023-12-07T13:16:24","slug":"juan-carlos-galiano-ugt-no-sabemos-cuando-van-a-concluir-los-procesos-selectivos-una-clara-vulneracion-de-la-ley-de-creacion","status":"publish","type":"dm-podcast","link":"https:\/\/serbenidorm.daliisolutions.com\/index.php\/dm-podcast\/juan-carlos-galiano-ugt-no-sabemos-cuando-van-a-concluir-los-procesos-selectivos-una-clara-vulneracion-de-la-ley-de-creacion\/","title":{"rendered":"Juan Carlos Galiano (UGT): \u00abNo sabemos cu\u00e1ndo van a concluir los procesos selectivos, una clara vulneraci\u00f3n de la ley de creaci\u00f3n\u00bb"},"featured_media":0,"template":"","meta":{"_acf_changed":false},"dm-programa":[7],"class_list":["post-438","dm-podcast","type-dm-podcast","status-publish","hentry","dm-programa-podcast-radio-valencia-hora-14-comunitat-valenciana-2298"],"acf":{"url":"https:\/\/sdmedia.playser.cadenaser.com\/playser\/multimedia\/202312\/7\/1701946608103_1701946736_audio_128.mp3"},"_links":{"self":[{"href":"https:\/\/serbenidorm.daliisolutions.com\/index.php\/wp-json\/wp\/v2\/dm-podcast\/438","targetHints":{"allow":["GET"]}}],"collection":[{"href":"https:\/\/serbenidorm.daliisolutions.com\/index.php\/wp-json\/wp\/v2\/dm-podcast"}],"about":[{"href":"https:\/\/serbenidorm.daliisolutions.com\/index.php\/wp-json\/wp\/v2\/types\/dm-podcast"}],"wp:attachment":[{"href":"https:\/\/serbenidorm.daliisolutions.com\/index.php\/wp-json\/wp\/v2\/media?parent=438"}],"wp:term":[{"taxonomy":"dm-programa","embeddable":true,"href":"https:\/\/serbenidorm.daliisolutions.com\/index.php\/wp-json\/wp\/v2\/dm-programa?post=438"}],"curies":[{"name":"wp","href":"https:\/\/api.w.org\/{rel}","templated":true}]}}

Juan Carlos Galiano (UGT): «No sabemos cuándo van a concluir los procesos selectivos, una clara vulneración de la ley de creación»
