{"id":4405,"date":"2024-04-24T16:04:53","date_gmt":"2024-04-24T14:04:53","guid":{"rendered":"https:\/\/serbenidorm.daliisolutions.com\/index.php\/dm-podcast\/ruben-pacheco-plataforma-per-leducacio-publica-explica-que-la-huelga-del-23-de-mayo-sera-solo-el-principio\/"},"modified":"2024-04-24T16:04:53","modified_gmt":"2024-04-24T14:04:53","slug":"ruben-pacheco-plataforma-per-leducacio-publica-explica-que-la-huelga-del-23-de-mayo-sera-solo-el-principio","status":"publish","type":"dm-podcast","link":"https:\/\/serbenidorm.daliisolutions.com\/index.php\/dm-podcast\/ruben-pacheco-plataforma-per-leducacio-publica-explica-que-la-huelga-del-23-de-mayo-sera-solo-el-principio\/","title":{"rendered":"Rub\u00e9n Pacheco (Plataforma per l&#8217;Educaci\u00f3 P\u00fablica) explica que la huelga del 23 de mayo ser\u00e1 solo el principio"},"featured_media":0,"template":"","meta":{"_acf_changed":false},"dm-programa":[7],"class_list":["post-4405","dm-podcast","type-dm-podcast","status-publish","hentry","dm-programa-podcast-radio-valencia-hora-14-comunitat-valenciana-2298"],"acf":{"url":"https:\/\/sdmedia.playser.cadenaser.com\/playser\/multimedia\/20244\/24\/1713957116521_1713957170_audio_128.mp3"},"_links":{"self":[{"href":"https:\/\/serbenidorm.daliisolutions.com\/index.php\/wp-json\/wp\/v2\/dm-podcast\/4405","targetHints":{"allow":["GET"]}}],"collection":[{"href":"https:\/\/serbenidorm.daliisolutions.com\/index.php\/wp-json\/wp\/v2\/dm-podcast"}],"about":[{"href":"https:\/\/serbenidorm.daliisolutions.com\/index.php\/wp-json\/wp\/v2\/types\/dm-podcast"}],"wp:attachment":[{"href":"https:\/\/serbenidorm.daliisolutions.com\/index.php\/wp-json\/wp\/v2\/media?parent=4405"}],"wp:term":[{"taxonomy":"dm-programa","embeddable":true,"href":"https:\/\/serbenidorm.daliisolutions.com\/index.php\/wp-json\/wp\/v2\/dm-programa?post=4405"}],"curies":[{"name":"wp","href":"https:\/\/api.w.org\/{rel}","templated":true}]}}

Rubén Pacheco (Plataforma per l&#8217;Educació Pública) explica que la huelga del 23 de mayo será solo el principio
