{"id":4413,"date":"2024-04-24T20:14:26","date_gmt":"2024-04-24T18:14:26","guid":{"rendered":"https:\/\/serbenidorm.daliisolutions.com\/index.php\/dm-podcast\/el-president-de-la-generalitat-carlos-mazon-afirma-estar-orgulloso-de-todos-sus-consellers-y-ha-defendido-a-elisa-nunez\/"},"modified":"2024-04-24T20:14:26","modified_gmt":"2024-04-24T18:14:26","slug":"el-president-de-la-generalitat-carlos-mazon-afirma-estar-orgulloso-de-todos-sus-consellers-y-ha-defendido-a-elisa-nunez","status":"publish","type":"dm-podcast","link":"https:\/\/serbenidorm.daliisolutions.com\/index.php\/dm-podcast\/el-president-de-la-generalitat-carlos-mazon-afirma-estar-orgulloso-de-todos-sus-consellers-y-ha-defendido-a-elisa-nunez\/","title":{"rendered":"El president de la Generalitat, Carlos Maz\u00f3n, afirma estar orgulloso de todos sus consellers y ha defendido a Elisa N\u00fa\u00f1ez"},"featured_media":0,"template":"","meta":{"_acf_changed":false},"dm-programa":[7],"class_list":["post-4413","dm-podcast","type-dm-podcast","status-publish","hentry","dm-programa-podcast-radio-valencia-hora-14-comunitat-valenciana-2298"],"acf":{"url":"https:\/\/sdmedia.playser.cadenaser.com\/playser\/multimedia\/20244\/24\/1713963763155_1713963795_audio_128.mp3"},"_links":{"self":[{"href":"https:\/\/serbenidorm.daliisolutions.com\/index.php\/wp-json\/wp\/v2\/dm-podcast\/4413","targetHints":{"allow":["GET"]}}],"collection":[{"href":"https:\/\/serbenidorm.daliisolutions.com\/index.php\/wp-json\/wp\/v2\/dm-podcast"}],"about":[{"href":"https:\/\/serbenidorm.daliisolutions.com\/index.php\/wp-json\/wp\/v2\/types\/dm-podcast"}],"wp:attachment":[{"href":"https:\/\/serbenidorm.daliisolutions.com\/index.php\/wp-json\/wp\/v2\/media?parent=4413"}],"wp:term":[{"taxonomy":"dm-programa","embeddable":true,"href":"https:\/\/serbenidorm.daliisolutions.com\/index.php\/wp-json\/wp\/v2\/dm-programa?post=4413"}],"curies":[{"name":"wp","href":"https:\/\/api.w.org\/{rel}","templated":true}]}}

El president de la Generalitat, Carlos Mazón, afirma estar orgulloso de todos sus consellers y ha defendido a Elisa Núñez
