{"id":4414,"date":"2024-04-24T20:14:26","date_gmt":"2024-04-24T18:14:26","guid":{"rendered":"https:\/\/serbenidorm.daliisolutions.com\/index.php\/dm-podcast\/elisa-nunez-consellera-de-interior-y-justicia-anuncia-que-se-celebraran-reuniones-periodicas-con-los-bomberos-forestales-para-abordar-las-modificaciones-presupuestarias\/"},"modified":"2024-04-24T20:14:26","modified_gmt":"2024-04-24T18:14:26","slug":"elisa-nunez-consellera-de-interior-y-justicia-anuncia-que-se-celebraran-reuniones-periodicas-con-los-bomberos-forestales-para-abordar-las-modificaciones-presupuestarias","status":"publish","type":"dm-podcast","link":"https:\/\/serbenidorm.daliisolutions.com\/index.php\/dm-podcast\/elisa-nunez-consellera-de-interior-y-justicia-anuncia-que-se-celebraran-reuniones-periodicas-con-los-bomberos-forestales-para-abordar-las-modificaciones-presupuestarias\/","title":{"rendered":"Elisa N\u00fa\u00f1ez, consellera de Interior y Justicia, anuncia que se celebrar\u00e1n reuniones peri\u00f3dicas con los bomberos forestales para abordar las modificaciones presupuestarias"},"featured_media":0,"template":"","meta":{"_acf_changed":false},"dm-programa":[7],"class_list":["post-4414","dm-podcast","type-dm-podcast","status-publish","hentry","dm-programa-podcast-radio-valencia-hora-14-comunitat-valenciana-2298"],"acf":{"url":"https:\/\/sdmedia.playser.cadenaser.com\/playser\/multimedia\/20244\/24\/1713963921830_1713963987_audio_128.mp3"},"_links":{"self":[{"href":"https:\/\/serbenidorm.daliisolutions.com\/index.php\/wp-json\/wp\/v2\/dm-podcast\/4414","targetHints":{"allow":["GET"]}}],"collection":[{"href":"https:\/\/serbenidorm.daliisolutions.com\/index.php\/wp-json\/wp\/v2\/dm-podcast"}],"about":[{"href":"https:\/\/serbenidorm.daliisolutions.com\/index.php\/wp-json\/wp\/v2\/types\/dm-podcast"}],"wp:attachment":[{"href":"https:\/\/serbenidorm.daliisolutions.com\/index.php\/wp-json\/wp\/v2\/media?parent=4414"}],"wp:term":[{"taxonomy":"dm-programa","embeddable":true,"href":"https:\/\/serbenidorm.daliisolutions.com\/index.php\/wp-json\/wp\/v2\/dm-programa?post=4414"}],"curies":[{"name":"wp","href":"https:\/\/api.w.org\/{rel}","templated":true}]}}

Elisa Núñez, consellera de Interior y Justicia, anuncia que se celebrarán reuniones periódicas con los bomberos forestales para abordar las modificaciones presupuestarias
