{"id":4416,"date":"2024-04-24T20:14:26","date_gmt":"2024-04-24T18:14:26","guid":{"rendered":"https:\/\/serbenidorm.daliisolutions.com\/index.php\/dm-podcast\/joan-baldovi-compromis-espera-que-el-president-de-la-generalitat-carlos-mazon-sea-de-fiar-y-apoye-su-propuesta\/"},"modified":"2024-04-24T20:14:26","modified_gmt":"2024-04-24T18:14:26","slug":"joan-baldovi-compromis-espera-que-el-president-de-la-generalitat-carlos-mazon-sea-de-fiar-y-apoye-su-propuesta","status":"publish","type":"dm-podcast","link":"https:\/\/serbenidorm.daliisolutions.com\/index.php\/dm-podcast\/joan-baldovi-compromis-espera-que-el-president-de-la-generalitat-carlos-mazon-sea-de-fiar-y-apoye-su-propuesta\/","title":{"rendered":"Joan Baldov\u00ed (Comprom\u00eds) espera que el president de la Generalitat, Carlos Maz\u00f3n, sea \u00abde fiar\u00bb  y apoye su propuesta"},"featured_media":0,"template":"","meta":{"_acf_changed":false},"dm-programa":[7],"class_list":["post-4416","dm-podcast","type-dm-podcast","status-publish","hentry","dm-programa-podcast-radio-valencia-hora-14-comunitat-valenciana-2298"],"acf":{"url":"https:\/\/sdmedia.playser.cadenaser.com\/playser\/multimedia\/20244\/24\/1713964127157_1713964159_audio_128.mp3"},"_links":{"self":[{"href":"https:\/\/serbenidorm.daliisolutions.com\/index.php\/wp-json\/wp\/v2\/dm-podcast\/4416","targetHints":{"allow":["GET"]}}],"collection":[{"href":"https:\/\/serbenidorm.daliisolutions.com\/index.php\/wp-json\/wp\/v2\/dm-podcast"}],"about":[{"href":"https:\/\/serbenidorm.daliisolutions.com\/index.php\/wp-json\/wp\/v2\/types\/dm-podcast"}],"wp:attachment":[{"href":"https:\/\/serbenidorm.daliisolutions.com\/index.php\/wp-json\/wp\/v2\/media?parent=4416"}],"wp:term":[{"taxonomy":"dm-programa","embeddable":true,"href":"https:\/\/serbenidorm.daliisolutions.com\/index.php\/wp-json\/wp\/v2\/dm-programa?post=4416"}],"curies":[{"name":"wp","href":"https:\/\/api.w.org\/{rel}","templated":true}]}}

Joan Baldoví (Compromís) espera que el president de la Generalitat, Carlos Mazón, sea «de fiar»  y apoye su propuesta
