{"id":4427,"date":"2024-04-25T08:56:54","date_gmt":"2024-04-25T06:56:54","guid":{"rendered":"https:\/\/serbenidorm.daliisolutions.com\/index.php\/dm-podcast\/inmaculada-rodriguez-pinero-habla-sobre-la-votacion-del-reglamento\/"},"modified":"2024-04-25T08:56:54","modified_gmt":"2024-04-25T06:56:54","slug":"inmaculada-rodriguez-pinero-habla-sobre-la-votacion-del-reglamento","status":"publish","type":"dm-podcast","link":"https:\/\/serbenidorm.daliisolutions.com\/index.php\/dm-podcast\/inmaculada-rodriguez-pinero-habla-sobre-la-votacion-del-reglamento\/","title":{"rendered":"Inmaculada Rodr\u00edguez-Pi\u00f1ero habla sobre la votaci\u00f3n del Reglamento"},"featured_media":0,"template":"","meta":{"_acf_changed":false},"dm-programa":[7],"class_list":["post-4427","dm-podcast","type-dm-podcast","status-publish","hentry","dm-programa-podcast-radio-valencia-hora-14-comunitat-valenciana-2298"],"acf":{"url":"https:\/\/sdmedia.playser.cadenaser.com\/playser\/multimedia\/20244\/24\/1713980684541_1713980703_audio_128.mp3"},"_links":{"self":[{"href":"https:\/\/serbenidorm.daliisolutions.com\/index.php\/wp-json\/wp\/v2\/dm-podcast\/4427","targetHints":{"allow":["GET"]}}],"collection":[{"href":"https:\/\/serbenidorm.daliisolutions.com\/index.php\/wp-json\/wp\/v2\/dm-podcast"}],"about":[{"href":"https:\/\/serbenidorm.daliisolutions.com\/index.php\/wp-json\/wp\/v2\/types\/dm-podcast"}],"wp:attachment":[{"href":"https:\/\/serbenidorm.daliisolutions.com\/index.php\/wp-json\/wp\/v2\/media?parent=4427"}],"wp:term":[{"taxonomy":"dm-programa","embeddable":true,"href":"https:\/\/serbenidorm.daliisolutions.com\/index.php\/wp-json\/wp\/v2\/dm-programa?post=4427"}],"curies":[{"name":"wp","href":"https:\/\/api.w.org\/{rel}","templated":true}]}}

Inmaculada Rodríguez-Piñero habla sobre la votación del Reglamento
