{"id":4439,"date":"2024-04-25T13:12:32","date_gmt":"2024-04-25T11:12:32","guid":{"rendered":"https:\/\/serbenidorm.daliisolutions.com\/index.php\/dm-podcast\/en-nuestra-seccion-sobre-patrimonio-historico-hablamos-sobre-la-lectura-dramatizada-del-dia-del-libro\/"},"modified":"2024-04-25T13:12:32","modified_gmt":"2024-04-25T11:12:32","slug":"en-nuestra-seccion-sobre-patrimonio-historico-hablamos-sobre-la-lectura-dramatizada-del-dia-del-libro","status":"publish","type":"dm-podcast","link":"https:\/\/serbenidorm.daliisolutions.com\/index.php\/dm-podcast\/en-nuestra-seccion-sobre-patrimonio-historico-hablamos-sobre-la-lectura-dramatizada-del-dia-del-libro\/","title":{"rendered":"En nuestra secci\u00f3n sobre Patrimonio Hist\u00f3rico hablamos sobre la lectura dramatizada del D\u00eda del Libro"},"featured_media":0,"template":"","meta":{"_acf_changed":false},"dm-programa":[10],"class_list":["post-4439","dm-podcast","type-dm-podcast","status-publish","hentry","dm-programa-podcast-radio-benidorm-hoy-por-hoy-benidorm-2992"],"acf":{"url":"https:\/\/sdmedia.playser.cadenaser.com\/playser\/multimedia\/20244\/25\/1714032231936_1714032406_audio_128.mp3"},"_links":{"self":[{"href":"https:\/\/serbenidorm.daliisolutions.com\/index.php\/wp-json\/wp\/v2\/dm-podcast\/4439","targetHints":{"allow":["GET"]}}],"collection":[{"href":"https:\/\/serbenidorm.daliisolutions.com\/index.php\/wp-json\/wp\/v2\/dm-podcast"}],"about":[{"href":"https:\/\/serbenidorm.daliisolutions.com\/index.php\/wp-json\/wp\/v2\/types\/dm-podcast"}],"wp:attachment":[{"href":"https:\/\/serbenidorm.daliisolutions.com\/index.php\/wp-json\/wp\/v2\/media?parent=4439"}],"wp:term":[{"taxonomy":"dm-programa","embeddable":true,"href":"https:\/\/serbenidorm.daliisolutions.com\/index.php\/wp-json\/wp\/v2\/dm-programa?post=4439"}],"curies":[{"name":"wp","href":"https:\/\/api.w.org\/{rel}","templated":true}]}}

En nuestra sección sobre Patrimonio Histórico hablamos sobre la lectura dramatizada del Día del Libro
