{"id":4454,"date":"2024-04-25T19:17:33","date_gmt":"2024-04-25T17:17:33","guid":{"rendered":"https:\/\/serbenidorm.daliisolutions.com\/index.php\/dm-podcast\/maria-jose-catala-alcaldesa-de-valencia-lalmoina-es-uno-de-los-yacimientos-arqueologicos-mas-importantes-de-europa\/"},"modified":"2024-04-25T19:17:33","modified_gmt":"2024-04-25T17:17:33","slug":"maria-jose-catala-alcaldesa-de-valencia-lalmoina-es-uno-de-los-yacimientos-arqueologicos-mas-importantes-de-europa","status":"publish","type":"dm-podcast","link":"https:\/\/serbenidorm.daliisolutions.com\/index.php\/dm-podcast\/maria-jose-catala-alcaldesa-de-valencia-lalmoina-es-uno-de-los-yacimientos-arqueologicos-mas-importantes-de-europa\/","title":{"rendered":"Mar\u00eda Jos\u00e9 Catal\u00e1 (alcaldesa de Val\u00e8ncia): \u00abL&#8217;Almoina es uno de los yacimientos arqueol\u00f3gicos m\u00e1s importantes de Europa\u00bb"},"featured_media":0,"template":"","meta":{"_acf_changed":false},"dm-programa":[7],"class_list":["post-4454","dm-podcast","type-dm-podcast","status-publish","hentry","dm-programa-podcast-radio-valencia-hora-14-comunitat-valenciana-2298"],"acf":{"url":"https:\/\/sdmedia.playser.cadenaser.com\/playser\/multimedia\/20244\/25\/1714051910484_1714051904_audio_128.mp3"},"_links":{"self":[{"href":"https:\/\/serbenidorm.daliisolutions.com\/index.php\/wp-json\/wp\/v2\/dm-podcast\/4454","targetHints":{"allow":["GET"]}}],"collection":[{"href":"https:\/\/serbenidorm.daliisolutions.com\/index.php\/wp-json\/wp\/v2\/dm-podcast"}],"about":[{"href":"https:\/\/serbenidorm.daliisolutions.com\/index.php\/wp-json\/wp\/v2\/types\/dm-podcast"}],"wp:attachment":[{"href":"https:\/\/serbenidorm.daliisolutions.com\/index.php\/wp-json\/wp\/v2\/media?parent=4454"}],"wp:term":[{"taxonomy":"dm-programa","embeddable":true,"href":"https:\/\/serbenidorm.daliisolutions.com\/index.php\/wp-json\/wp\/v2\/dm-programa?post=4454"}],"curies":[{"name":"wp","href":"https:\/\/api.w.org\/{rel}","templated":true}]}}

María José Catalá (alcaldesa de València): «L&#8217;Almoina es uno de los yacimientos arqueológicos más importantes de Europa»
