{"id":4458,"date":"2024-04-25T19:17:33","date_gmt":"2024-04-25T17:17:33","guid":{"rendered":"https:\/\/serbenidorm.daliisolutions.com\/index.php\/dm-podcast\/maite-ibanez-pspv-el-gobierno-de-maria-jose-catala-deja-las-bibliotecas-de-la-ciudad-a-cero\/"},"modified":"2024-04-25T19:17:33","modified_gmt":"2024-04-25T17:17:33","slug":"maite-ibanez-pspv-el-gobierno-de-maria-jose-catala-deja-las-bibliotecas-de-la-ciudad-a-cero","status":"publish","type":"dm-podcast","link":"https:\/\/serbenidorm.daliisolutions.com\/index.php\/dm-podcast\/maite-ibanez-pspv-el-gobierno-de-maria-jose-catala-deja-las-bibliotecas-de-la-ciudad-a-cero\/","title":{"rendered":"Maite Ib\u00e1\u00f1ez (PSPV): \u00abEl Gobierno de Mar\u00eda Jos\u00e9 Catal\u00e1 deja las bibliotecas de la ciudad a cero\u00bb"},"featured_media":0,"template":"","meta":{"_acf_changed":false},"dm-programa":[7],"class_list":["post-4458","dm-podcast","type-dm-podcast","status-publish","hentry","dm-programa-podcast-radio-valencia-hora-14-comunitat-valenciana-2298"],"acf":{"url":"https:\/\/sdmedia.playser.cadenaser.com\/playser\/multimedia\/20244\/25\/1714061201247_1714061357_audio_128.mp3"},"_links":{"self":[{"href":"https:\/\/serbenidorm.daliisolutions.com\/index.php\/wp-json\/wp\/v2\/dm-podcast\/4458","targetHints":{"allow":["GET"]}}],"collection":[{"href":"https:\/\/serbenidorm.daliisolutions.com\/index.php\/wp-json\/wp\/v2\/dm-podcast"}],"about":[{"href":"https:\/\/serbenidorm.daliisolutions.com\/index.php\/wp-json\/wp\/v2\/types\/dm-podcast"}],"wp:attachment":[{"href":"https:\/\/serbenidorm.daliisolutions.com\/index.php\/wp-json\/wp\/v2\/media?parent=4458"}],"wp:term":[{"taxonomy":"dm-programa","embeddable":true,"href":"https:\/\/serbenidorm.daliisolutions.com\/index.php\/wp-json\/wp\/v2\/dm-programa?post=4458"}],"curies":[{"name":"wp","href":"https:\/\/api.w.org\/{rel}","templated":true}]}}

Maite Ibáñez (PSPV): «El Gobierno de María José Catalá deja las bibliotecas de la ciudad a cero»
