{"id":4536,"date":"2024-04-29T07:25:39","date_gmt":"2024-04-29T05:25:39","guid":{"rendered":"https:\/\/serbenidorm.daliisolutions.com\/index.php\/dm-podcast\/jose-munoz-sindic-del-pspv-en-les-corts-subraya-el-poco-compromiso-de-la-derecha-con-los-derechos-de-las-personas-lgtbiq\/"},"modified":"2024-04-29T07:25:39","modified_gmt":"2024-04-29T05:25:39","slug":"jose-munoz-sindic-del-pspv-en-les-corts-subraya-el-poco-compromiso-de-la-derecha-con-los-derechos-de-las-personas-lgtbiq","status":"publish","type":"dm-podcast","link":"https:\/\/serbenidorm.daliisolutions.com\/index.php\/dm-podcast\/jose-munoz-sindic-del-pspv-en-les-corts-subraya-el-poco-compromiso-de-la-derecha-con-los-derechos-de-las-personas-lgtbiq\/","title":{"rendered":"Jos\u00e9 Mu\u00f1oz (s\u00edndic del PSPV en Les Corts) subraya el poco compromiso de la derecha con los derechos de las personas LGTBIQ+"},"featured_media":0,"template":"","meta":{"_acf_changed":false},"dm-programa":[7],"class_list":["post-4536","dm-podcast","type-dm-podcast","status-publish","hentry","dm-programa-podcast-radio-valencia-hora-14-comunitat-valenciana-2298"],"acf":{"url":"https:\/\/sdmedia.playser.cadenaser.com\/playser\/multimedia\/20244\/28\/1714291321624_1714291318_audio_128.mp3"},"_links":{"self":[{"href":"https:\/\/serbenidorm.daliisolutions.com\/index.php\/wp-json\/wp\/v2\/dm-podcast\/4536","targetHints":{"allow":["GET"]}}],"collection":[{"href":"https:\/\/serbenidorm.daliisolutions.com\/index.php\/wp-json\/wp\/v2\/dm-podcast"}],"about":[{"href":"https:\/\/serbenidorm.daliisolutions.com\/index.php\/wp-json\/wp\/v2\/types\/dm-podcast"}],"wp:attachment":[{"href":"https:\/\/serbenidorm.daliisolutions.com\/index.php\/wp-json\/wp\/v2\/media?parent=4536"}],"wp:term":[{"taxonomy":"dm-programa","embeddable":true,"href":"https:\/\/serbenidorm.daliisolutions.com\/index.php\/wp-json\/wp\/v2\/dm-programa?post=4536"}],"curies":[{"name":"wp","href":"https:\/\/api.w.org\/{rel}","templated":true}]}}

José Muñoz (síndic del PSPV en Les Corts) subraya el poco compromiso de la derecha con los derechos de las personas LGTBIQ+
