{"id":4556,"date":"2024-04-29T14:04:24","date_gmt":"2024-04-29T12:04:24","guid":{"rendered":"https:\/\/serbenidorm.daliisolutions.com\/index.php\/dm-podcast\/gonzalez-de-zarate-edil-de-ciclo-del-agua-de-benidorm-sobre-el-comite-de-seguimiento-de-la-sequia\/"},"modified":"2024-04-29T14:04:24","modified_gmt":"2024-04-29T12:04:24","slug":"gonzalez-de-zarate-edil-de-ciclo-del-agua-de-benidorm-sobre-el-comite-de-seguimiento-de-la-sequia","status":"publish","type":"dm-podcast","link":"https:\/\/serbenidorm.daliisolutions.com\/index.php\/dm-podcast\/gonzalez-de-zarate-edil-de-ciclo-del-agua-de-benidorm-sobre-el-comite-de-seguimiento-de-la-sequia\/","title":{"rendered":"Gonz\u00e1lez de Z\u00e1rate, edil de Ciclo del Agua de Benidorm, sobre el comit\u00e9 de seguimiento de la sequ\u00eda"},"featured_media":0,"template":"","meta":{"_acf_changed":false},"dm-programa":[9],"class_list":["post-4556","dm-podcast","type-dm-podcast","status-publish","hentry","dm-programa-podcast-radio-benidorm-hora-14-benidorm-2993"],"acf":{"url":"https:\/\/sdmedia.playser.cadenaser.com\/playser\/multimedia\/20244\/29\/1714391089101_1714391145_audio_128.mp3"},"_links":{"self":[{"href":"https:\/\/serbenidorm.daliisolutions.com\/index.php\/wp-json\/wp\/v2\/dm-podcast\/4556","targetHints":{"allow":["GET"]}}],"collection":[{"href":"https:\/\/serbenidorm.daliisolutions.com\/index.php\/wp-json\/wp\/v2\/dm-podcast"}],"about":[{"href":"https:\/\/serbenidorm.daliisolutions.com\/index.php\/wp-json\/wp\/v2\/types\/dm-podcast"}],"wp:attachment":[{"href":"https:\/\/serbenidorm.daliisolutions.com\/index.php\/wp-json\/wp\/v2\/media?parent=4556"}],"wp:term":[{"taxonomy":"dm-programa","embeddable":true,"href":"https:\/\/serbenidorm.daliisolutions.com\/index.php\/wp-json\/wp\/v2\/dm-programa?post=4556"}],"curies":[{"name":"wp","href":"https:\/\/api.w.org\/{rel}","templated":true}]}}

González de Zárate, edil de Ciclo del Agua de Benidorm, sobre el comité de seguimiento de la sequía
