{"id":4558,"date":"2024-04-29T14:04:24","date_gmt":"2024-04-29T12:04:24","guid":{"rendered":"https:\/\/serbenidorm.daliisolutions.com\/index.php\/dm-podcast\/el-portavoz-de-compromis-en-les-corts-joan-baldovi-pide-a-sanchez-que-adopte-medidas-y-no-se-quede-en-las-palabras\/"},"modified":"2024-04-29T14:04:24","modified_gmt":"2024-04-29T12:04:24","slug":"el-portavoz-de-compromis-en-les-corts-joan-baldovi-pide-a-sanchez-que-adopte-medidas-y-no-se-quede-en-las-palabras","status":"publish","type":"dm-podcast","link":"https:\/\/serbenidorm.daliisolutions.com\/index.php\/dm-podcast\/el-portavoz-de-compromis-en-les-corts-joan-baldovi-pide-a-sanchez-que-adopte-medidas-y-no-se-quede-en-las-palabras\/","title":{"rendered":"El portavoz de Comprom\u00eds en les Corts Joan Baldov\u00ed pide a S\u00e1nchez que adopte medidas y no se quede en las palabras"},"featured_media":0,"template":"","meta":{"_acf_changed":false},"dm-programa":[7],"class_list":["post-4558","dm-podcast","type-dm-podcast","status-publish","hentry","dm-programa-podcast-radio-valencia-hora-14-comunitat-valenciana-2298"],"acf":{"url":"https:\/\/sdmedia.playser.cadenaser.com\/playser\/multimedia\/20244\/29\/1714384533275_1714384573_audio_128.mp3"},"_links":{"self":[{"href":"https:\/\/serbenidorm.daliisolutions.com\/index.php\/wp-json\/wp\/v2\/dm-podcast\/4558","targetHints":{"allow":["GET"]}}],"collection":[{"href":"https:\/\/serbenidorm.daliisolutions.com\/index.php\/wp-json\/wp\/v2\/dm-podcast"}],"about":[{"href":"https:\/\/serbenidorm.daliisolutions.com\/index.php\/wp-json\/wp\/v2\/types\/dm-podcast"}],"wp:attachment":[{"href":"https:\/\/serbenidorm.daliisolutions.com\/index.php\/wp-json\/wp\/v2\/media?parent=4558"}],"wp:term":[{"taxonomy":"dm-programa","embeddable":true,"href":"https:\/\/serbenidorm.daliisolutions.com\/index.php\/wp-json\/wp\/v2\/dm-programa?post=4558"}],"curies":[{"name":"wp","href":"https:\/\/api.w.org\/{rel}","templated":true}]}}

El portavoz de Compromís en les Corts Joan Baldoví pide a Sánchez que adopte medidas y no se quede en las palabras
