{"id":4567,"date":"2024-04-29T17:09:21","date_gmt":"2024-04-29T15:09:21","guid":{"rendered":"https:\/\/serbenidorm.daliisolutions.com\/index.php\/dm-podcast\/jose-luis-gonzalez-pah-valencia-propone-que-el-gobierno-central-amplie-la-moratoria-hipotecaria-cuatro-anos-mas-y-la-mejore-a-traves-de-dos-vias-de-accion\/"},"modified":"2024-04-29T17:09:21","modified_gmt":"2024-04-29T15:09:21","slug":"jose-luis-gonzalez-pah-valencia-propone-que-el-gobierno-central-amplie-la-moratoria-hipotecaria-cuatro-anos-mas-y-la-mejore-a-traves-de-dos-vias-de-accion","status":"publish","type":"dm-podcast","link":"https:\/\/serbenidorm.daliisolutions.com\/index.php\/dm-podcast\/jose-luis-gonzalez-pah-valencia-propone-que-el-gobierno-central-amplie-la-moratoria-hipotecaria-cuatro-anos-mas-y-la-mejore-a-traves-de-dos-vias-de-accion\/","title":{"rendered":"Jos\u00e9 Luis Gonz\u00e1lez (PAH Val\u00e8ncia) propone que el Gobierno central ampl\u00ede la moratoria hipotecaria cuatro a\u00f1os m\u00e1s y la mejore a trav\u00e9s de dos v\u00edas de acci\u00f3n"},"featured_media":0,"template":"","meta":{"_acf_changed":false},"dm-programa":[7],"class_list":["post-4567","dm-podcast","type-dm-podcast","status-publish","hentry","dm-programa-podcast-radio-valencia-hora-14-comunitat-valenciana-2298"],"acf":{"url":"https:\/\/sdmedia.playser.cadenaser.com\/playser\/multimedia\/20244\/29\/1714390944292_1714390988_audio_128.mp3"},"_links":{"self":[{"href":"https:\/\/serbenidorm.daliisolutions.com\/index.php\/wp-json\/wp\/v2\/dm-podcast\/4567","targetHints":{"allow":["GET"]}}],"collection":[{"href":"https:\/\/serbenidorm.daliisolutions.com\/index.php\/wp-json\/wp\/v2\/dm-podcast"}],"about":[{"href":"https:\/\/serbenidorm.daliisolutions.com\/index.php\/wp-json\/wp\/v2\/types\/dm-podcast"}],"wp:attachment":[{"href":"https:\/\/serbenidorm.daliisolutions.com\/index.php\/wp-json\/wp\/v2\/media?parent=4567"}],"wp:term":[{"taxonomy":"dm-programa","embeddable":true,"href":"https:\/\/serbenidorm.daliisolutions.com\/index.php\/wp-json\/wp\/v2\/dm-programa?post=4567"}],"curies":[{"name":"wp","href":"https:\/\/api.w.org\/{rel}","templated":true}]}}

José Luis González (PAH València) propone que el Gobierno central amplíe la moratoria hipotecaria cuatro años más y la mejore a través de dos vías de acción
