{"id":4568,"date":"2024-04-29T17:09:21","date_gmt":"2024-04-29T15:09:21","guid":{"rendered":"https:\/\/serbenidorm.daliisolutions.com\/index.php\/dm-podcast\/jose-luis-gonzalez-pah-valencia-si-vemos-que-el-gobierno-no-hace-nada-conforme-se-acerca-la-fecha-esto-se-convierte-en-una-cuestion-de-guerra-para-nosotros\/"},"modified":"2024-04-29T17:09:21","modified_gmt":"2024-04-29T15:09:21","slug":"jose-luis-gonzalez-pah-valencia-si-vemos-que-el-gobierno-no-hace-nada-conforme-se-acerca-la-fecha-esto-se-convierte-en-una-cuestion-de-guerra-para-nosotros","status":"publish","type":"dm-podcast","link":"https:\/\/serbenidorm.daliisolutions.com\/index.php\/dm-podcast\/jose-luis-gonzalez-pah-valencia-si-vemos-que-el-gobierno-no-hace-nada-conforme-se-acerca-la-fecha-esto-se-convierte-en-una-cuestion-de-guerra-para-nosotros\/","title":{"rendered":"Jos\u00e9 Luis Gonz\u00e1lez (PAH Val\u00e8ncia): \u00abSi vemos que el Gobierno no hace nada conforme se acerca la fecha, esto se convierte en una cuesti\u00f3n de guerra para nosotros\u00bb"},"featured_media":0,"template":"","meta":{"_acf_changed":false},"dm-programa":[7],"class_list":["post-4568","dm-podcast","type-dm-podcast","status-publish","hentry","dm-programa-podcast-radio-valencia-hora-14-comunitat-valenciana-2298"],"acf":{"url":"https:\/\/sdmedia.playser.cadenaser.com\/playser\/multimedia\/20244\/29\/1714391011113_1714391048_audio_128.mp3"},"_links":{"self":[{"href":"https:\/\/serbenidorm.daliisolutions.com\/index.php\/wp-json\/wp\/v2\/dm-podcast\/4568","targetHints":{"allow":["GET"]}}],"collection":[{"href":"https:\/\/serbenidorm.daliisolutions.com\/index.php\/wp-json\/wp\/v2\/dm-podcast"}],"about":[{"href":"https:\/\/serbenidorm.daliisolutions.com\/index.php\/wp-json\/wp\/v2\/types\/dm-podcast"}],"wp:attachment":[{"href":"https:\/\/serbenidorm.daliisolutions.com\/index.php\/wp-json\/wp\/v2\/media?parent=4568"}],"wp:term":[{"taxonomy":"dm-programa","embeddable":true,"href":"https:\/\/serbenidorm.daliisolutions.com\/index.php\/wp-json\/wp\/v2\/dm-programa?post=4568"}],"curies":[{"name":"wp","href":"https:\/\/api.w.org\/{rel}","templated":true}]}}

José Luis González (PAH València): «Si vemos que el Gobierno no hace nada conforme se acerca la fecha, esto se convierte en una cuestión de guerra para nosotros»
