{"id":4632,"date":"2024-05-01T14:47:16","date_gmt":"2024-05-01T12:47:16","guid":{"rendered":"https:\/\/serbenidorm.daliisolutions.com\/index.php\/dm-podcast\/maria-jose-broseta-pide-que-se-cierren-los-apartamentos-turisticos-ilegales\/"},"modified":"2024-05-01T14:47:16","modified_gmt":"2024-05-01T12:47:16","slug":"maria-jose-broseta-pide-que-se-cierren-los-apartamentos-turisticos-ilegales","status":"publish","type":"dm-podcast","link":"https:\/\/serbenidorm.daliisolutions.com\/index.php\/dm-podcast\/maria-jose-broseta-pide-que-se-cierren-los-apartamentos-turisticos-ilegales\/","title":{"rendered":"Mar\u00eda Jos\u00e9 Broseta pide que se cierren los apartamentos tur\u00edsticos ilegales"},"featured_media":0,"template":"","meta":{"_acf_changed":false},"dm-programa":[7],"class_list":["post-4632","dm-podcast","type-dm-podcast","status-publish","hentry","dm-programa-podcast-radio-valencia-hora-14-comunitat-valenciana-2298"],"acf":{"url":"https:\/\/sdmedia.playser.cadenaser.com\/playser\/multimedia\/20245\/1\/1714557003777_1714557028_audio_128.mp3"},"_links":{"self":[{"href":"https:\/\/serbenidorm.daliisolutions.com\/index.php\/wp-json\/wp\/v2\/dm-podcast\/4632","targetHints":{"allow":["GET"]}}],"collection":[{"href":"https:\/\/serbenidorm.daliisolutions.com\/index.php\/wp-json\/wp\/v2\/dm-podcast"}],"about":[{"href":"https:\/\/serbenidorm.daliisolutions.com\/index.php\/wp-json\/wp\/v2\/types\/dm-podcast"}],"wp:attachment":[{"href":"https:\/\/serbenidorm.daliisolutions.com\/index.php\/wp-json\/wp\/v2\/media?parent=4632"}],"wp:term":[{"taxonomy":"dm-programa","embeddable":true,"href":"https:\/\/serbenidorm.daliisolutions.com\/index.php\/wp-json\/wp\/v2\/dm-programa?post=4632"}],"curies":[{"name":"wp","href":"https:\/\/api.w.org\/{rel}","templated":true}]}}

María José Broseta pide que se cierren los apartamentos turísticos ilegales
