{"id":4670,"date":"2024-05-02T16:36:19","date_gmt":"2024-05-02T14:36:19","guid":{"rendered":"https:\/\/serbenidorm.daliisolutions.com\/index.php\/dm-podcast\/el-presidente-del-consejo-de-camaras-de-la-comunitat-valenciana-jose-vicente-morata-cree-que-la-fusion-de-bbva-y-sabadell-no-seria-una-buena-noticia\/"},"modified":"2024-05-02T16:36:19","modified_gmt":"2024-05-02T14:36:19","slug":"el-presidente-del-consejo-de-camaras-de-la-comunitat-valenciana-jose-vicente-morata-cree-que-la-fusion-de-bbva-y-sabadell-no-seria-una-buena-noticia","status":"publish","type":"dm-podcast","link":"https:\/\/serbenidorm.daliisolutions.com\/index.php\/dm-podcast\/el-presidente-del-consejo-de-camaras-de-la-comunitat-valenciana-jose-vicente-morata-cree-que-la-fusion-de-bbva-y-sabadell-no-seria-una-buena-noticia\/","title":{"rendered":"El presidente del Consejo de C\u00e1maras de la Comunitat Valenciana, Jos\u00e9 Vicente Morata, cree que la fusi\u00f3n de BBVA y Sabadell no ser\u00eda una buena noticia"},"featured_media":0,"template":"","meta":{"_acf_changed":false},"dm-programa":[7],"class_list":["post-4670","dm-podcast","type-dm-podcast","status-publish","hentry","dm-programa-podcast-radio-valencia-hora-14-comunitat-valenciana-2298"],"acf":{"url":"https:\/\/sdmedia.playser.cadenaser.com\/playser\/multimedia\/20245\/2\/1714643044057_1714643073_audio_128.mp3"},"_links":{"self":[{"href":"https:\/\/serbenidorm.daliisolutions.com\/index.php\/wp-json\/wp\/v2\/dm-podcast\/4670","targetHints":{"allow":["GET"]}}],"collection":[{"href":"https:\/\/serbenidorm.daliisolutions.com\/index.php\/wp-json\/wp\/v2\/dm-podcast"}],"about":[{"href":"https:\/\/serbenidorm.daliisolutions.com\/index.php\/wp-json\/wp\/v2\/types\/dm-podcast"}],"wp:attachment":[{"href":"https:\/\/serbenidorm.daliisolutions.com\/index.php\/wp-json\/wp\/v2\/media?parent=4670"}],"wp:term":[{"taxonomy":"dm-programa","embeddable":true,"href":"https:\/\/serbenidorm.daliisolutions.com\/index.php\/wp-json\/wp\/v2\/dm-programa?post=4670"}],"curies":[{"name":"wp","href":"https:\/\/api.w.org\/{rel}","templated":true}]}}

El presidente del Consejo de Cámaras de la Comunitat Valenciana, José Vicente Morata, cree que la fusión de BBVA y Sabadell no sería una buena noticia
