{"id":4680,"date":"2024-05-02T18:47:35","date_gmt":"2024-05-02T16:47:35","guid":{"rendered":"https:\/\/serbenidorm.daliisolutions.com\/index.php\/dm-podcast\/bartolome-perez-galvez-oficina-del-plan-de-salud-mental-y-adicciones-insta-a-los-padres-y-madres-a-reflexionar-sobre-a-que-edad-facilitan-el-uso-del-telefono-y-en-que-circunstancias\/"},"modified":"2024-05-02T18:47:35","modified_gmt":"2024-05-02T16:47:35","slug":"bartolome-perez-galvez-oficina-del-plan-de-salud-mental-y-adicciones-insta-a-los-padres-y-madres-a-reflexionar-sobre-a-que-edad-facilitan-el-uso-del-telefono-y-en-que-circunstancias","status":"publish","type":"dm-podcast","link":"https:\/\/serbenidorm.daliisolutions.com\/index.php\/dm-podcast\/bartolome-perez-galvez-oficina-del-plan-de-salud-mental-y-adicciones-insta-a-los-padres-y-madres-a-reflexionar-sobre-a-que-edad-facilitan-el-uso-del-telefono-y-en-que-circunstancias\/","title":{"rendered":"Bartolom\u00e9 P\u00e9rez G\u00e1lvez (Oficina del Plan de Salud Mental y Adicciones) insta a los padres y madres a reflexionar sobre a qu\u00e9 edad facilitan el uso del tel\u00e9fono y en qu\u00e9 circunstancias"},"featured_media":0,"template":"","meta":{"_acf_changed":false},"dm-programa":[7],"class_list":["post-4680","dm-podcast","type-dm-podcast","status-publish","hentry","dm-programa-podcast-radio-valencia-hora-14-comunitat-valenciana-2298"],"acf":{"url":"https:\/\/sdmedia.playser.cadenaser.com\/playser\/multimedia\/20245\/2\/1714656268567_1714656318_audio_128.mp3"},"_links":{"self":[{"href":"https:\/\/serbenidorm.daliisolutions.com\/index.php\/wp-json\/wp\/v2\/dm-podcast\/4680","targetHints":{"allow":["GET"]}}],"collection":[{"href":"https:\/\/serbenidorm.daliisolutions.com\/index.php\/wp-json\/wp\/v2\/dm-podcast"}],"about":[{"href":"https:\/\/serbenidorm.daliisolutions.com\/index.php\/wp-json\/wp\/v2\/types\/dm-podcast"}],"wp:attachment":[{"href":"https:\/\/serbenidorm.daliisolutions.com\/index.php\/wp-json\/wp\/v2\/media?parent=4680"}],"wp:term":[{"taxonomy":"dm-programa","embeddable":true,"href":"https:\/\/serbenidorm.daliisolutions.com\/index.php\/wp-json\/wp\/v2\/dm-programa?post=4680"}],"curies":[{"name":"wp","href":"https:\/\/api.w.org\/{rel}","templated":true}]}}

Bartolomé Pérez Gálvez (Oficina del Plan de Salud Mental y Adicciones) insta a los padres y madres a reflexionar sobre a qué edad facilitan el uso del teléfono y en qué circunstancias
